{"id":104,"date":"2023-01-19T17:57:01","date_gmt":"2023-01-19T17:57:01","guid":{"rendered":"https:\/\/tschuschner.com\/?page_id=104"},"modified":"2024-10-13T11:37:39","modified_gmt":"2024-10-13T11:37:39","slug":"drohnenaufnahmen-vom-profi-aus-graefelfing-2","status":"publish","type":"page","link":"https:\/\/tschuschner.de\/?page_id=104","title":{"rendered":"Drohnen Fotos"},"content":{"rendered":"<section class=\"wpb-content-wrapper\"><p>[vc_row][vc_column][vc_masonry_media_grid grid_id=\u201cvc_gid:1728819349908-875129af-92ee-6\u2033 include=\u201c986,979,799,985,988,975,991,976,977,987,978,989,994,993,1000,1001,980,981,983,984,996,997,999\u2033][\/vc_column][\/vc_row][vc_row][vc_column][vc_column_text]<\/p>\n<h2>Willkommen in unserem Fotostudio in Gr\u00e4felfing im W\u00fcrmtal bei M\u00fcnchen!<\/h2>\n<h5>Bei uns bekommen Sie von professionellen Business-Shootings bis hin zu Produktaufnahmen f\u00fcr Ihre Werbekampagnen oder Ihre Website \u2013 ALLES.<\/h5>\n<h2>Und wenn es etwas mehr sein darf Drohnenaufnahmen \u2013 in Form von Fotos und Videos \u2013 von Ihrer Immobilie oder Ihres Firmenevents sowie Hochzeiten und Sportveranstaltungen etc.<\/h2>\n<p>[\/vc_column_text][\/vc_column][\/vc_row]<\/p>\n<\/section>","protected":false},"excerpt":{"rendered":"<p>[vc_row][vc_column][vc_masonry_media_grid grid_id=\u201cvc_gid:1728819349908-875129af-92ee-6\u2033 include=\u201c986,979,799,985,988,975,991,976,977,987,978,989,994,993,1000,1001,980,981,983,984,996,997,999\u2033][\/vc_column][\/vc_row][vc_row][vc_column][vc_column_text] Willkommen in unserem Fotostudio in Gr\u00e4felfing im W\u00fcrmtal bei M\u00fcnchen! Bei uns bekommen Sie von professionellen Business-Shootings bis hin zu Produktaufnahmen f\u00fcr Ihre Werbekampagnen oder Ihre Website \u2013 ALLES. Und wenn es etwas mehr sein darf Drohnenaufnahmen \u2013 in Form von Fotos und Videos \u2013 von Ihrer Immobilie oder Ihres Firmenevents sowie [&hellip;]<\/p>\n","protected":false},"author":1,"featured_media":0,"parent":0,"menu_order":0,"comment_status":"closed","ping_status":"closed","template":"","meta":{"ngg_post_thumbnail":0,"footnotes":""},"class_list":["post-104","page","type-page","status-publish","hentry"],"yoast_head":"<!-- This site is optimized with the Yoast SEO plugin v27.5 - https:\/\/yoast.com\/product\/yoast-seo-wordpress\/ -->\n<title>Immobilien Inspektionen | Drohnen Fotos im W\u00fcrmtal<\/title>\n<meta name=\"description\" content=\"Sie ben\u00f6tigen Drohnenaufnahmen von Ihrer Immobilie, Ihrem Firmenevent oder Ihrer Hochzeit? Professionelle Drohnen Fotos vom Profi!\" \/>\n<meta name=\"robots\" content=\"index, follow, max-snippet:-1, max-image-preview:large, max-video-preview:-1\" \/>\n<link rel=\"canonical\" href=\"https:\/\/tschuschner.de\/?page_id=104\" \/>\n<meta property=\"og:locale\" content=\"de_DE\" \/>\n<meta property=\"og:type\" content=\"article\" \/>\n<meta property=\"og:title\" content=\"Immobilien Inspektionen | Drohnen Fotos im W\u00fcrmtal\" \/>\n<meta property=\"og:description\" content=\"Sie ben\u00f6tigen Drohnenaufnahmen von Ihrer Immobilie, Ihrem Firmenevent oder Ihrer Hochzeit? Professionelle Drohnen Fotos vom Profi!\" \/>\n<meta property=\"og:url\" content=\"https:\/\/tschuschner.de\/?page_id=104\" \/>\n<meta property=\"og:site_name\" content=\"Fotos vom Profi\" \/>\n<meta property=\"article:modified_time\" content=\"2024-10-13T11:37:39+00:00\" \/>\n<meta name=\"twitter:card\" content=\"summary_large_image\" \/>\n<meta name=\"twitter:label1\" content=\"Gesch\u00e4tzte Lesezeit\" \/>\n\t<meta name=\"twitter:data1\" content=\"5\u00a0Minuten\" \/>\n<script type=\"application\/ld+json\" class=\"yoast-schema-graph\">{\"@context\":\"https:\\\/\\\/schema.org\",\"@graph\":[{\"@type\":\"WebPage\",\"@id\":\"https:\\\/\\\/tschuschner.de\\\/?page_id=104\",\"url\":\"https:\\\/\\\/tschuschner.de\\\/?page_id=104\",\"name\":\"Immobilien Inspektionen | Drohnen Fotos im W\u00fcrmtal\",\"isPartOf\":{\"@id\":\"https:\\\/\\\/tschuschner.de\\\/#website\"},\"datePublished\":\"2023-01-19T17:57:01+00:00\",\"dateModified\":\"2024-10-13T11:37:39+00:00\",\"description\":\"Sie ben\u00f6tigen Drohnenaufnahmen von Ihrer Immobilie, Ihrem Firmenevent oder Ihrer Hochzeit? Professionelle Drohnen Fotos vom Profi!\",\"breadcrumb\":{\"@id\":\"https:\\\/\\\/tschuschner.de\\\/?page_id=104#breadcrumb\"},\"inLanguage\":\"de\",\"potentialAction\":[{\"@type\":\"ReadAction\",\"target\":[\"https:\\\/\\\/tschuschner.de\\\/?page_id=104\"]}]},{\"@type\":\"BreadcrumbList\",\"@id\":\"https:\\\/\\\/tschuschner.de\\\/?page_id=104#breadcrumb\",\"itemListElement\":[{\"@type\":\"ListItem\",\"position\":1,\"name\":\"Startseite\",\"item\":\"https:\\\/\\\/tschuschner.de\\\/\"},{\"@type\":\"ListItem\",\"position\":2,\"name\":\"Drohnen Fotos\"}]},{\"@type\":\"WebSite\",\"@id\":\"https:\\\/\\\/tschuschner.de\\\/#website\",\"url\":\"https:\\\/\\\/tschuschner.de\\\/\",\"name\":\"Fotos vom Profi\",\"description\":\"aus Gr\u00e4felfing im W\u00fcrmtal\",\"potentialAction\":[{\"@type\":\"SearchAction\",\"target\":{\"@type\":\"EntryPoint\",\"urlTemplate\":\"https:\\\/\\\/tschuschner.de\\\/?s={search_term_string}\"},\"query-input\":{\"@type\":\"PropertyValueSpecification\",\"valueRequired\":true,\"valueName\":\"search_term_string\"}}],\"inLanguage\":\"de\"}]}<\/script>\n<!-- \/ Yoast SEO plugin. -->","yoast_head_json":{"title":"Immobilien Inspektionen | Drohnen Fotos im W\u00fcrmtal","description":"Sie ben\u00f6tigen Drohnenaufnahmen von Ihrer Immobilie, Ihrem Firmenevent oder Ihrer Hochzeit? Professionelle Drohnen Fotos vom Profi!","robots":{"index":"index","follow":"follow","max-snippet":"max-snippet:-1","max-image-preview":"max-image-preview:large","max-video-preview":"max-video-preview:-1"},"canonical":"https:\/\/tschuschner.de\/?page_id=104","og_locale":"de_DE","og_type":"article","og_title":"Immobilien Inspektionen | Drohnen Fotos im W\u00fcrmtal","og_description":"Sie ben\u00f6tigen Drohnenaufnahmen von Ihrer Immobilie, Ihrem Firmenevent oder Ihrer Hochzeit? Professionelle Drohnen Fotos vom Profi!","og_url":"https:\/\/tschuschner.de\/?page_id=104","og_site_name":"Fotos vom Profi","article_modified_time":"2024-10-13T11:37:39+00:00","twitter_card":"summary_large_image","twitter_misc":{"Gesch\u00e4tzte Lesezeit":"5\u00a0Minuten"},"schema":{"@context":"https:\/\/schema.org","@graph":[{"@type":"WebPage","@id":"https:\/\/tschuschner.de\/?page_id=104","url":"https:\/\/tschuschner.de\/?page_id=104","name":"Immobilien Inspektionen | Drohnen Fotos im W\u00fcrmtal","isPartOf":{"@id":"https:\/\/tschuschner.de\/#website"},"datePublished":"2023-01-19T17:57:01+00:00","dateModified":"2024-10-13T11:37:39+00:00","description":"Sie ben\u00f6tigen Drohnenaufnahmen von Ihrer Immobilie, Ihrem Firmenevent oder Ihrer Hochzeit? Professionelle Drohnen Fotos vom Profi!","breadcrumb":{"@id":"https:\/\/tschuschner.de\/?page_id=104#breadcrumb"},"inLanguage":"de","potentialAction":[{"@type":"ReadAction","target":["https:\/\/tschuschner.de\/?page_id=104"]}]},{"@type":"BreadcrumbList","@id":"https:\/\/tschuschner.de\/?page_id=104#breadcrumb","itemListElement":[{"@type":"ListItem","position":1,"name":"Startseite","item":"https:\/\/tschuschner.de\/"},{"@type":"ListItem","position":2,"name":"Drohnen Fotos"}]},{"@type":"WebSite","@id":"https:\/\/tschuschner.de\/#website","url":"https:\/\/tschuschner.de\/","name":"Fotos vom Profi","description":"aus Gr\u00e4felfing im W\u00fcrmtal","potentialAction":[{"@type":"SearchAction","target":{"@type":"EntryPoint","urlTemplate":"https:\/\/tschuschner.de\/?s={search_term_string}"},"query-input":{"@type":"PropertyValueSpecification","valueRequired":true,"valueName":"search_term_string"}}],"inLanguage":"de"}]}},"_links":{"self":[{"href":"https:\/\/tschuschner.de\/index.php?rest_route=\/wp\/v2\/pages\/104","targetHints":{"allow":["GET"]}}],"collection":[{"href":"https:\/\/tschuschner.de\/index.php?rest_route=\/wp\/v2\/pages"}],"about":[{"href":"https:\/\/tschuschner.de\/index.php?rest_route=\/wp\/v2\/types\/page"}],"author":[{"embeddable":true,"href":"https:\/\/tschuschner.de\/index.php?rest_route=\/wp\/v2\/users\/1"}],"replies":[{"embeddable":true,"href":"https:\/\/tschuschner.de\/index.php?rest_route=%2Fwp%2Fv2%2Fcomments&post=104"}],"version-history":[{"count":19,"href":"https:\/\/tschuschner.de\/index.php?rest_route=\/wp\/v2\/pages\/104\/revisions"}],"predecessor-version":[{"id":1045,"href":"https:\/\/tschuschner.de\/index.php?rest_route=\/wp\/v2\/pages\/104\/revisions\/1045"}],"wp:attachment":[{"href":"https:\/\/tschuschner.de\/index.php?rest_route=%2Fwp%2Fv2%2Fmedia&parent=104"}],"curies":[{"name":"wp","href":"https:\/\/api.w.org\/{rel}","templated":true}]}}