{"id":385,"date":"2024-02-08T14:46:12","date_gmt":"2024-02-08T14:46:12","guid":{"rendered":"https:\/\/tschuschner.com\/?page_id=385"},"modified":"2025-08-22T12:37:16","modified_gmt":"2025-08-22T12:37:16","slug":"events","status":"publish","type":"page","link":"https:\/\/tschuschner.de\/?page_id=385","title":{"rendered":"Events"},"content":{"rendered":"<section class=\"wpb-content-wrapper\"><p>[vc_row][vc_column][vc_masonry_media_grid grid_id=&#8220;vc_gid:1755865725335-29976a2a-857f-4&#8243; include=&#8220;523,773,779,398,519,520,521,524,525,526,527,528,529,530,397,395,770,775,776,772,778,788,789,790,1049,1016,1165&#8243;][\/vc_column][\/vc_row][vc_row][vc_column][vc_column_text]<\/p>\n<h2>Ihr Spezialist f\u00fcr emotionale Eventfotografie in Gr\u00e4felfing im W\u00fcrmtal bei M\u00fcnchen<\/h2>\n<h4>Meine Eventfotografie steht f\u00fcr lebendige und authentische Bilder, die die besonderen Momente Ihres Events f\u00fcr die Ewigkeit festhalten. Mit meiner Leidenschaft f\u00fcr Fotografie und meinem Sinn f\u00fcr Emotionen bin ich Ihr zuverl\u00e4ssiger Partner f\u00fcr alle Arten von Events.<\/h4>\n<h4>Unvergessliche Momente in Bildern festgehalten<\/h4>\n<h6>Ob Taufe, Hochzeit, goldene Hochzeit, ein runder Geburtstag, Babybauch-Shooting, Abifeier oder Musikveranstaltung \u2013 jedes Event hat seine ganz eigenen, einzigartigen Momente. Mit meinem geschulten Auge f\u00fcr Details und Emotionen halte ich diese besonderen Augenblicke f\u00fcr Sie fest. Von den Tr\u00e4nen der R\u00fchrung bis hin zu ausgelassenem Jubel \u2013 ich sorge daf\u00fcr, dass Ihre Erinnerungen lebendig bleiben.<\/h6>\n<h4><strong>Hochzeitsfotografie f\u00fcr den sch\u00f6nsten Tag Ihres Lebens<\/strong><\/h4>\n<h6>Ihre Hochzeit ist ein ganz besonderer Tag voller Emotionen und Liebe. Als erfahrener Hochzeitsfotograf begleite ich Sie gerne dabei, die einzigartigen Momente dieses besonderen Tages einzufangen. Von den Vorbereitungen \u00fcber die Trauung auf dem Standesamt und in der Kirche bis hin zur Feier \u2013 ich halte die magischen Augenblicke fest, die Ihre Liebe symbolisieren.<\/h6>\n<h4><strong>Familienfotografie f\u00fcr bleibende Erinnerungen<\/strong><\/h4>\n<h6>Familie ist das Wichtigste im Leben. Mit meinen Familienfotos halten Sie die besonderen Momente und die Liebe innerhalb Ihrer Familie f\u00fcr die Ewigkeit fest. Ob bei einem entspannten Fotoshooting im Freien oder bei Ihnen zu Hause \u2013 ich schaffe nat\u00fcrliche und authentische Bilder, die Ihre Familie in all ihrer Sch\u00f6nheit zeigen.<\/h6>\n<h4><strong>Abifeier und Musikveranstaltungen<\/strong><\/h4>\n<h6>Die Abifeier ist ein bedeutendes Ereignis im Leben eines jeden Absolventen. Mit meiner Eventfotografie halte ich die freudigen Momente, die Stolz und Aufregung widerspiegeln, f\u00fcr die Ewigkeit fest. Auch bei Musikveranstaltungen sorge ich daf\u00fcr, dass die Stimmung und die Energie des Events in meinen Bildern lebendig werden.<\/h6>\n<h4><strong>Messefotografie und Firmenfeiern<\/strong><\/h4>\n<h6>Als erfahrener Messefotograf bin ich darauf spezialisiert, Ihren Messeauftritt, Ihre firmeninterne Feier oder das Richtfest Ihres neuen Firmengeb\u00e4udes professionell zu begleiten und halte die Momente fest, die f\u00fcr das Marketing, den Vertrieb und die Gesch\u00e4ftsleitung wichtig sind.<\/h6>\n<h4>Kontaktieren Sie mich gerne f\u00fcr ein unverbindliches Beratungsgespr\u00e4ch oder vereinbaren Sie direkt einen Termin f\u00fcr Ihr Eventfotoshooting. Ich freue mich darauf, Ihre besonderen Momente mit meiner Fotografie zu verewigen.<\/h4>\n<p>[\/vc_column_text][\/vc_column][\/vc_row][vc_row][vc_column][vc_btn title=&#8220;jetzt anrufen&#8220; color=&#8220;blue&#8220; size=&#8220;lg&#8220; align=&#8220;center&#8220; link=&#8220;url:tel%3A%2B491718707571&#8243;][\/vc_column][\/vc_row]<\/p>\n<\/section>","protected":false},"excerpt":{"rendered":"<p>[vc_row][vc_column][vc_masonry_media_grid grid_id=&#8220;vc_gid:1755865725335-29976a2a-857f-4&#8243; include=&#8220;523,773,779,398,519,520,521,524,525,526,527,528,529,530,397,395,770,775,776,772,778,788,789,790,1049,1016,1165&#8243;][\/vc_column][\/vc_row][vc_row][vc_column][vc_column_text] Ihr Spezialist f\u00fcr emotionale Eventfotografie in Gr\u00e4felfing im W\u00fcrmtal bei M\u00fcnchen Meine Eventfotografie steht f\u00fcr lebendige und authentische Bilder, die die besonderen Momente Ihres Events f\u00fcr die Ewigkeit festhalten. Mit meiner Leidenschaft f\u00fcr Fotografie und meinem Sinn f\u00fcr Emotionen bin ich Ihr zuverl\u00e4ssiger Partner f\u00fcr alle Arten von Events. Unvergessliche Momente in [&hellip;]<\/p>\n","protected":false},"author":1,"featured_media":0,"parent":0,"menu_order":0,"comment_status":"closed","ping_status":"closed","template":"","meta":{"ngg_post_thumbnail":0,"footnotes":""},"class_list":["post-385","page","type-page","status-publish","hentry"],"yoast_head":"<!-- This site is optimized with the Yoast SEO plugin v27.4 - https:\/\/yoast.com\/product\/yoast-seo-wordpress\/ -->\n<title>Events - Eventfotografie in Gr\u00e4felfing im W\u00fcrmtal und M\u00fcnchen<\/title>\n<meta name=\"description\" content=\"Lebendige Eventfotografie f\u00fcr unvergessliche Momente. Authentische Bilder f\u00fcr Hochzeiten, Familien und Abifeiern.\" \/>\n<meta name=\"robots\" content=\"index, follow, max-snippet:-1, max-image-preview:large, max-video-preview:-1\" \/>\n<link rel=\"canonical\" href=\"https:\/\/tschuschner.de\/?page_id=385\" \/>\n<meta property=\"og:locale\" content=\"de_DE\" \/>\n<meta property=\"og:type\" content=\"article\" \/>\n<meta property=\"og:title\" content=\"Events - Eventfotografie in Gr\u00e4felfing im W\u00fcrmtal und M\u00fcnchen\" \/>\n<meta property=\"og:description\" content=\"Lebendige Eventfotografie f\u00fcr unvergessliche Momente. Authentische Bilder f\u00fcr Hochzeiten, Familien und Abifeiern.\" \/>\n<meta property=\"og:url\" content=\"https:\/\/tschuschner.de\/?page_id=385\" \/>\n<meta property=\"og:site_name\" content=\"Fotos vom Profi\" \/>\n<meta property=\"article:modified_time\" content=\"2025-08-22T12:37:16+00:00\" \/>\n<meta name=\"twitter:card\" content=\"summary_large_image\" \/>\n<meta name=\"twitter:label1\" content=\"Gesch\u00e4tzte Lesezeit\" \/>\n\t<meta name=\"twitter:data1\" content=\"8\u00a0Minuten\" \/>\n<script type=\"application\/ld+json\" class=\"yoast-schema-graph\">{\"@context\":\"https:\\\/\\\/schema.org\",\"@graph\":[{\"@type\":\"WebPage\",\"@id\":\"https:\\\/\\\/tschuschner.de\\\/?page_id=385\",\"url\":\"https:\\\/\\\/tschuschner.de\\\/?page_id=385\",\"name\":\"Events - Eventfotografie in Gr\u00e4felfing im W\u00fcrmtal und M\u00fcnchen\",\"isPartOf\":{\"@id\":\"https:\\\/\\\/tschuschner.de\\\/#website\"},\"datePublished\":\"2024-02-08T14:46:12+00:00\",\"dateModified\":\"2025-08-22T12:37:16+00:00\",\"description\":\"Lebendige Eventfotografie f\u00fcr unvergessliche Momente. Authentische Bilder f\u00fcr Hochzeiten, Familien und Abifeiern.\",\"breadcrumb\":{\"@id\":\"https:\\\/\\\/tschuschner.de\\\/?page_id=385#breadcrumb\"},\"inLanguage\":\"de\",\"potentialAction\":[{\"@type\":\"ReadAction\",\"target\":[\"https:\\\/\\\/tschuschner.de\\\/?page_id=385\"]}]},{\"@type\":\"BreadcrumbList\",\"@id\":\"https:\\\/\\\/tschuschner.de\\\/?page_id=385#breadcrumb\",\"itemListElement\":[{\"@type\":\"ListItem\",\"position\":1,\"name\":\"Startseite\",\"item\":\"https:\\\/\\\/tschuschner.de\\\/\"},{\"@type\":\"ListItem\",\"position\":2,\"name\":\"Events\"}]},{\"@type\":\"WebSite\",\"@id\":\"https:\\\/\\\/tschuschner.de\\\/#website\",\"url\":\"https:\\\/\\\/tschuschner.de\\\/\",\"name\":\"Fotos vom Profi\",\"description\":\"aus Gr\u00e4felfing im W\u00fcrmtal\",\"potentialAction\":[{\"@type\":\"SearchAction\",\"target\":{\"@type\":\"EntryPoint\",\"urlTemplate\":\"https:\\\/\\\/tschuschner.de\\\/?s={search_term_string}\"},\"query-input\":{\"@type\":\"PropertyValueSpecification\",\"valueRequired\":true,\"valueName\":\"search_term_string\"}}],\"inLanguage\":\"de\"}]}<\/script>\n<!-- \/ Yoast SEO plugin. -->","yoast_head_json":{"title":"Events - Eventfotografie in Gr\u00e4felfing im W\u00fcrmtal und M\u00fcnchen","description":"Lebendige Eventfotografie f\u00fcr unvergessliche Momente. Authentische Bilder f\u00fcr Hochzeiten, Familien und Abifeiern.","robots":{"index":"index","follow":"follow","max-snippet":"max-snippet:-1","max-image-preview":"max-image-preview:large","max-video-preview":"max-video-preview:-1"},"canonical":"https:\/\/tschuschner.de\/?page_id=385","og_locale":"de_DE","og_type":"article","og_title":"Events - Eventfotografie in Gr\u00e4felfing im W\u00fcrmtal und M\u00fcnchen","og_description":"Lebendige Eventfotografie f\u00fcr unvergessliche Momente. Authentische Bilder f\u00fcr Hochzeiten, Familien und Abifeiern.","og_url":"https:\/\/tschuschner.de\/?page_id=385","og_site_name":"Fotos vom Profi","article_modified_time":"2025-08-22T12:37:16+00:00","twitter_card":"summary_large_image","twitter_misc":{"Gesch\u00e4tzte Lesezeit":"8\u00a0Minuten"},"schema":{"@context":"https:\/\/schema.org","@graph":[{"@type":"WebPage","@id":"https:\/\/tschuschner.de\/?page_id=385","url":"https:\/\/tschuschner.de\/?page_id=385","name":"Events - Eventfotografie in Gr\u00e4felfing im W\u00fcrmtal und M\u00fcnchen","isPartOf":{"@id":"https:\/\/tschuschner.de\/#website"},"datePublished":"2024-02-08T14:46:12+00:00","dateModified":"2025-08-22T12:37:16+00:00","description":"Lebendige Eventfotografie f\u00fcr unvergessliche Momente. Authentische Bilder f\u00fcr Hochzeiten, Familien und Abifeiern.","breadcrumb":{"@id":"https:\/\/tschuschner.de\/?page_id=385#breadcrumb"},"inLanguage":"de","potentialAction":[{"@type":"ReadAction","target":["https:\/\/tschuschner.de\/?page_id=385"]}]},{"@type":"BreadcrumbList","@id":"https:\/\/tschuschner.de\/?page_id=385#breadcrumb","itemListElement":[{"@type":"ListItem","position":1,"name":"Startseite","item":"https:\/\/tschuschner.de\/"},{"@type":"ListItem","position":2,"name":"Events"}]},{"@type":"WebSite","@id":"https:\/\/tschuschner.de\/#website","url":"https:\/\/tschuschner.de\/","name":"Fotos vom Profi","description":"aus Gr\u00e4felfing im W\u00fcrmtal","potentialAction":[{"@type":"SearchAction","target":{"@type":"EntryPoint","urlTemplate":"https:\/\/tschuschner.de\/?s={search_term_string}"},"query-input":{"@type":"PropertyValueSpecification","valueRequired":true,"valueName":"search_term_string"}}],"inLanguage":"de"}]}},"_links":{"self":[{"href":"https:\/\/tschuschner.de\/index.php?rest_route=\/wp\/v2\/pages\/385","targetHints":{"allow":["GET"]}}],"collection":[{"href":"https:\/\/tschuschner.de\/index.php?rest_route=\/wp\/v2\/pages"}],"about":[{"href":"https:\/\/tschuschner.de\/index.php?rest_route=\/wp\/v2\/types\/page"}],"author":[{"embeddable":true,"href":"https:\/\/tschuschner.de\/index.php?rest_route=\/wp\/v2\/users\/1"}],"replies":[{"embeddable":true,"href":"https:\/\/tschuschner.de\/index.php?rest_route=%2Fwp%2Fv2%2Fcomments&post=385"}],"version-history":[{"count":27,"href":"https:\/\/tschuschner.de\/index.php?rest_route=\/wp\/v2\/pages\/385\/revisions"}],"predecessor-version":[{"id":1166,"href":"https:\/\/tschuschner.de\/index.php?rest_route=\/wp\/v2\/pages\/385\/revisions\/1166"}],"wp:attachment":[{"href":"https:\/\/tschuschner.de\/index.php?rest_route=%2Fwp%2Fv2%2Fmedia&parent=385"}],"curies":[{"name":"wp","href":"https:\/\/api.w.org\/{rel}","templated":true}]}}

<section class="wpb-content-wrapper"><p>[vc_row][vc_column][vc_masonry_media_grid grid_id=&#8220;vc_gid:1755865725335-29976a2a-857f-4&#8243; include=&#8220;523,773,779,398,519,520,521,524,525,526,527,528,529,530,397,395,770,775,776,772,778,788,789,790,1049,1016,1165&#8243;][/vc_column][/vc_row][vc_row][vc_column][vc_column_text]</p>
<h2>Ihr Spezialist für emotionale Eventfotografie in Gräfelfing im Würmtal bei München</h2>
<h4>Meine Eventfotografie steht für lebendige und authentische Bilder, die die besonderen Momente Ihres Events für die Ewigkeit festhalten. Mit meiner Leidenschaft für Fotografie und meinem Sinn für Emotionen bin ich Ihr zuverlässiger Partner für alle Arten von Events.</h4>
<h4>Unvergessliche Momente in Bildern festgehalten</h4>
<h6>Ob Taufe, Hochzeit, goldene Hochzeit, ein runder Geburtstag, Babybauch-Shooting, Abifeier oder Musikveranstaltung – jedes Event hat seine ganz eigenen, einzigartigen Momente. Mit meinem geschulten Auge für Details und Emotionen halte ich diese besonderen Augenblicke für Sie fest. Von den Tränen der Rührung bis hin zu ausgelassenem Jubel – ich sorge dafür, dass Ihre Erinnerungen lebendig bleiben.</h6>
<h4><strong>Hochzeitsfotografie für den schönsten Tag Ihres Lebens</strong></h4>
<h6>Ihre Hochzeit ist ein ganz besonderer Tag voller Emotionen und Liebe. Als erfahrener Hochzeitsfotograf begleite ich Sie gerne dabei, die einzigartigen Momente dieses besonderen Tages einzufangen. Von den Vorbereitungen über die Trauung auf dem Standesamt und in der Kirche bis hin zur Feier – ich halte die magischen Augenblicke fest, die Ihre Liebe symbolisieren.</h6>
<h4><strong>Familienfotografie für bleibende Erinnerungen</strong></h4>
<h6>Familie ist das Wichtigste im Leben. Mit meinen Familienfotos halten Sie die besonderen Momente und die Liebe innerhalb Ihrer Familie für die Ewigkeit fest. Ob bei einem entspannten Fotoshooting im Freien oder bei Ihnen zu Hause – ich schaffe natürliche und authentische Bilder, die Ihre Familie in all ihrer Schönheit zeigen.</h6>
<h4><strong>Abifeier und Musikveranstaltungen</strong></h4>
<h6>Die Abifeier ist ein bedeutendes Ereignis im Leben eines jeden Absolventen. Mit meiner Eventfotografie halte ich die freudigen Momente, die Stolz und Aufregung widerspiegeln, für die Ewigkeit fest. Auch bei Musikveranstaltungen sorge ich dafür, dass die Stimmung und die Energie des Events in meinen Bildern lebendig werden.</h6>
<h4><strong>Messefotografie und Firmenfeiern</strong></h4>
<h6>Als erfahrener Messefotograf bin ich darauf spezialisiert, Ihren Messeauftritt, Ihre firmeninterne Feier oder das Richtfest Ihres neuen Firmengebäudes professionell zu begleiten und halte die Momente fest, die für das Marketing, den Vertrieb und die Geschäftsleitung wichtig sind.</h6>
<h4>Kontaktieren Sie mich gerne für ein unverbindliches Beratungsgespräch oder vereinbaren Sie direkt einen Termin für Ihr Eventfotoshooting. Ich freue mich darauf, Ihre besonderen Momente mit meiner Fotografie zu verewigen.</h4>
<p>[/vc_column_text][/vc_column][/vc_row][vc_row][vc_column][vc_btn title=&#8220;jetzt anrufen&#8220; color=&#8220;blue&#8220; size=&#8220;lg&#8220; align=&#8220;center&#8220; link=&#8220;url:tel%3A%2B491718707571&#8243;][/vc_column][/vc_row]</p>
</section>

<p>[vc_row][vc_column][vc_masonry_media_grid grid_id=&#8220;vc_gid:1755865725335-29976a2a-857f-4&#8243; include=&#8220;523,773,779,398,519,520,521,524,525,526,527,528,529,530,397,395,770,775,776,772,778,788,789,790,1049,1016,1165&#8243;][/vc_column][/vc_row][vc_row][vc_column][vc_column_text] Ihr Spezialist für emotionale Eventfotografie in Gräfelfing im Würmtal bei München Meine Eventfotografie steht für lebendige und authentische Bilder, die die besonderen Momente Ihres Events für die Ewigkeit festhalten. Mit meiner Leidenschaft für Fotografie und meinem Sinn für Emotionen bin ich Ihr zuverlässiger Partner für alle Arten von Events. Unvergessliche Momente in [&hellip;]</p>

<!-- This site is optimized with the Yoast SEO plugin v27.4 - https://yoast.com/product/yoast-seo-wordpress/ -->
<title>Events - Eventfotografie in Gräfelfing im Würmtal und München</title>
<meta name="description" content="Lebendige Eventfotografie für unvergessliche Momente. Authentische Bilder für Hochzeiten, Familien und Abifeiern." />
<meta name="robots" content="index, follow, max-snippet:-1, max-image-preview:large, max-video-preview:-1" />
<link rel="canonical" href="https://tschuschner.de/?page_id=385" />
<meta property="og:locale" content="de_DE" />
<meta property="og:type" content="article" />
<meta property="og:title" content="Events - Eventfotografie in Gräfelfing im Würmtal und München" />
<meta property="og:description" content="Lebendige Eventfotografie für unvergessliche Momente. Authentische Bilder für Hochzeiten, Familien und Abifeiern." />
<meta property="og:url" content="https://tschuschner.de/?page_id=385" />
<meta property="og:site_name" content="Fotos vom Profi" />
<meta property="article:modified_time" content="2025-08-22T12:37:16+00:00" />
<meta name="twitter:card" content="summary_large_image" />
<meta name="twitter:label1" content="Geschätzte Lesezeit" />
	<meta name="twitter:data1" content="8 Minuten" />
<script type="application/ld+json" class="yoast-schema-graph">{"@context":"https:\/\/schema.org","@graph":[{"@type":"WebPage","@id":"https:\/\/tschuschner.de\/?page_id=385","url":"https:\/\/tschuschner.de\/?page_id=385","name":"Events - Eventfotografie in Gräfelfing im Würmtal und München","isPartOf":{"@id":"https:\/\/tschuschner.de\/#website"},"datePublished":"2024-02-08T14:46:12+00:00","dateModified":"2025-08-22T12:37:16+00:00","description":"Lebendige Eventfotografie für unvergessliche Momente. Authentische Bilder für Hochzeiten, Familien und Abifeiern.","breadcrumb":{"@id":"https:\/\/tschuschner.de\/?page_id=385#breadcrumb"},"inLanguage":"de","potentialAction":[{"@type":"ReadAction","target":["https:\/\/tschuschner.de\/?page_id=385"]}]},{"@type":"BreadcrumbList","@id":"https:\/\/tschuschner.de\/?page_id=385#breadcrumb","itemListElement":[{"@type":"ListItem","position":1,"name":"Startseite","item":"https:\/\/tschuschner.de\/"},{"@type":"ListItem","position":2,"name":"Events"}]},{"@type":"WebSite","@id":"https:\/\/tschuschner.de\/#website","url":"https:\/\/tschuschner.de\/","name":"Fotos vom Profi","description":"aus Gräfelfing im Würmtal","potentialAction":[{"@type":"SearchAction","target":{"@type":"EntryPoint","urlTemplate":"https:\/\/tschuschner.de\/?s={search_term_string}"},"query-input":{"@type":"PropertyValueSpecification","valueRequired":true,"valueName":"search_term_string"}}],"inLanguage":"de"}]}</script>
<!-- / Yoast SEO plugin. -->

Events - Eventfotografie in Gräfelfing im Würmtal und München

Lebendige Eventfotografie für unvergessliche Momente. Authentische Bilder für Hochzeiten, Familien und Abifeiern.

aus Gräfelfing im Würmtal
