{"id":439,"date":"2024-02-09T14:51:42","date_gmt":"2024-02-09T14:51:42","guid":{"rendered":"https:\/\/tschuschner.com\/?page_id=439"},"modified":"2025-11-03T13:33:43","modified_gmt":"2025-11-03T13:33:43","slug":"agbs","status":"publish","type":"page","link":"https:\/\/tschuschner.de\/?page_id=439","title":{"rendered":"AGBs"},"content":{"rendered":"<section class=\"wpb-content-wrapper\"><p>[vc_row][vc_column][vc_column_text]<\/p>\n<h5>Allgemeine Liefer- und Gesch\u00e4ftsbedingungen \u2013 Fotostudio Michael Tschuschner<\/h5>\n<h5>I. Allgemeines<\/h5>\n<h5>1. Die nachfolgenden allgemeinen Liefer- und Gesch\u00e4ftsbedingungen (im folgenden AGB genannt) gelten f\u00fcr alle vom Fotografen durchgef\u00fchrten Auftr\u00e4ge, Angebote, Lieferungen und Leistungen.<\/h5>\n<h5>2. Sie gelten als vereinbart mit Entgegennahme der Lieferung oder Leistung bzw. des Angebots des Fotografen durch den Kunden, sp\u00e4testens jedoch mit der Annahme des Bildmaterials zur Ver\u00f6ffentlichung.<\/h5>\n<h5>3. Wenn der Kunde den AGB widersprechen will, ist dieses schriftlich binnen drei Werktagen zu erkl\u00e4ren. Abweichenden Gesch\u00e4ftsbedingungen des Kunden wird hiermit widersprochen. Abweichende Gesch\u00e4ftsbedingungen des Kunden erlangen keine G\u00fcltigkeit, es sei denn, dass der Fotograf diese schriftlich anerkennt.<\/h5>\n<h5>4. Die AGB gelten im Rahmen einer laufenden Gesch\u00e4ftsbeziehung auch ohne ausdr\u00fcckliche Einbeziehung auch f\u00fcr alle zuk\u00fcnftigen Auftr\u00e4ge, Angebote, Lieferungen und Leistungen des Fotografen.<\/h5>\n<h5>II. \u00dcberlassenes Bildmaterial<\/h5>\n<h5>1. Die AGB gelten f\u00fcr jegliches dem Kunden \u00fcberlassenes Bildmaterial, gleich in welcher Schaffensstufe oder in welcher technischen Form sie vorliegen. Sie gelten insbesondere auch f\u00fcr elektronisches oder digital \u00fcbermitteltes Bildmaterial.<\/h5>\n<h5>2. Der Kunde erkennt an, dass es sich bei dem vom Fotografen gelieferten Bildmaterial um urheberrechtlich gesch\u00fctzte Lichtbildwerke i.S.v. \u00a7 2 Abs.1 Ziff.5 Urheberrechtsgesetz handelt.<\/h5>\n<h5>3. Vom Kunden in Auftrag gegebene Gestaltungsvorschl\u00e4ge oder Konzeptionen sind eigenst\u00e4ndige Leistungen, die zu verg\u00fcten sind.<\/h5>\n<h5>4. Das \u00fcberlassene Bildmaterial bleibt Eigentum des Fotografen, und zwar auch in dem Fall, dass Schadensersatz hierf\u00fcr geleistet wird.<\/h5>\n<h5>5. Der Kunde hat das Bildmaterial sorgf\u00e4ltig und pfleglich zu behandeln und darf es an Dritte nur zu gesch\u00e4ftsinternen Zwecken der Sichtung, Auswahl und technischen Verarbeitung weitergeben.<\/h5>\n<h5>6. Reklamationen, die den Inhalt der gelieferten Sendung oder Inhalt, Qualit\u00e4t oder Zustand des Bildmaterials betreffen, sind innerhalb von 48 Stunden nach Empfang mitzuteilen. Anderenfalls gilt das Bildmaterial als ordnungsgem\u00e4\u00df, vertragsgem\u00e4\u00df und wie verzeichnet zugegangen.<\/h5>\n<h5>III. Nutzungsrechte<\/h5>\n<h5>1. Der Kunde erwirbt grunds\u00e4tzlich nur ein einfaches Nutzungsrecht zur einmaligen Verwendung.<\/h5>\n<h5>2. Ausschlie\u00dfliche Nutzungsrechte, medienbezogene oder r\u00e4umliche Exklusivrechte oder Sperrfristen m\u00fcssen gesondert vereinbart werden und bedingen einen Aufschlag von mindestens 100% auf das jeweilige Grundhonorar.<\/h5>\n<h5>3. Mit der Lieferung wird lediglich das Nutzungsrecht \u00fcbertragen f\u00fcr die einmalige Nutzung des Bildmaterials zu dem vom Kunden angegebenen Zweck und in der Publikation und in dem Medium oder Datentr\u00e4ger, welche\/-s\/-n der Kunde angegeben hat oder welche\/-s\/-r sich aus den Umst\u00e4nden der Auftragserteilung ergibt. Im Zweifelsfall ist ma\u00dfgeblich das Objekt (Zeitung, Zeitschrift usw.), f\u00fcr das das Bildmaterial ausweislich des Lieferscheins oder der Versandadresse zur Verf\u00fcgung gestellt worden ist. Raw-Format Dateien werden grunds\u00e4tzlich nicht ausgeliefert.<\/h5>\n<h5>4. Jede \u00fcber Ziffer 3. hinausgehende Nutzung, Verwertung, Vervielf\u00e4ltigung, Verbreitung oder Ver\u00f6ffentlichung ist honorarpflichtig und bedarf der vorherigen ausdr\u00fccklichen Zustimmung des Fotografen. Das gilt insbesondere f\u00fcr:<\/h5>\n<h5>* eine Zweitverwertung oder Zweitver\u00f6ffentlichung, insbesondere in Sammelb\u00e4nden, produktbegleitenden Prospekten, bei Werbema\u00dfnahmen oder bei sonstigen Nachdrucken,<\/h5>\n<h5>* jegliche Bearbeitung, \u00c4nderung oder Umgestaltung des Bildmaterials,<\/h5>\n<h5>* die Digitalisierung, Speicherung oder Duplizierung des Bildmaterials auf Datentr\u00e4gern aller Art (z.B. magnetische, optische, magnetooptische oder elektronische Tr\u00e4germedien wie CD-ROM, DVD, Disketten, Festplatten, Arbeitsspeicher, Mikrofilm etc.), soweit dieses nicht nur der technischen Verarbeitung des Bildmaterials gem. Ziff.III 3. AGB dient,<\/h5>\n<h5>* jegliche Vervielf\u00e4ltigung oder Nutzung der Bilddaten auf CD-ROM, DVD, Disketten oder \u00e4hnlichen Datentr\u00e4gern,<\/h5>\n<h5>* jegliche Aufnahme oder Wiedergabe der Bilddaten im Internet oder in Online- Datenbanken oder in anderen elektronischen Archiven (auch soweit es sich um interne elektronische Archive des Kunden handelt),<\/h5>\n<h5>* die Weitergabe des digitalisierten Bildmaterials im Wege der Datenfern\u00fcbertragung oder auf Datentr\u00e4gern, die zur \u00f6ffentlichen Wiedergabe auf Bildschirmen oder zur Herstellung von Hardcopies geeignet sind.<\/h5>\n<h5>5. Ver\u00e4nderungen des Bildmaterials durch Foto-Composing, Montage oder durch elektronische Hilfsmittel zur Erstellung eines neuen urheberrechtlich gesch\u00fctzten Werkes sind nur nach vorheriger schriftlicher Zustimmung des Fotografen und nur bei Kennzeichnung mit [M] gestattet. Auch darf das Bildmaterial nicht abgezeichnet, nachgestellt fotografiert oder anderweitig als Motiv benutzt werden.<\/h5>\n<h5>6. Der Kunde ist nicht berechtigt, die ihm einger\u00e4umten Nutzungsrechte ganz oder teilweise auf Dritte, auch nicht auf andere Konzern- oder Tochterunternehmen, zu \u00fcbertragen.<\/h5>\n<h5>7. Der Fotograf ist berechtigt, die von ihm erstellten Fotografien zu Werbezwecken in seinen Web- und Printmedien zu verwenden sowie gem. \u00a7 15 UrhG \u00f6ffentlich zu verbreiten.<\/h5>\n<h5>8. Jegliche Nutzung, Wiedergabe oder Weitergabe des Bildmaterials ist nur gestattet unter der Voraussetzung der Anbringung des vom Fotografen vorgegebenen Urhebervermerks in zweifelsfreier Zuordnung zum jeweiligen Bild.<\/h5>\n<h5>IV. Haftung<\/h5>\n<h5>Der Fotograf \u00fcbernimmt keine Haftung f\u00fcr die Verletzung von Rechten abgebildeter Personen oder Objekte, es sei denn, es wird ein entsprechend unterzeichnetes Release-Formular beigef\u00fcgt. Der Erwerb von Nutzungsrechten \u00fcber das fotografische Urheberrecht hinaus sowie die Einholung von Ver\u00f6ffentlichungsgenehmigungen bei Sammlungen, Museen etc. obliegt dem Kunden. Der Kunde tr\u00e4gt die Verantwortung f\u00fcr die Betextung sowie die sich aus der konkreten Ver\u00f6ffentlichung ergebenden Sinnzusammenh\u00e4nge. Desweiteren versichert der Kunde bei in Auftrag gegebenen Fotoabz\u00fcgen und sonstigen Printprodukten, dass er im\u00a0 Besitz einer entsprechenden Copyright Genehmigung f\u00fcr das Bildmaterial ist.<\/h5>\n<h5>V. Honorare<\/h5>\n<h5>1. Es gilt das vereinbarte Honorar. Ist kein Honorar vereinbart worden, bestimmt es sich nach der jeweils aktuellen Bildhonorar\u00fcbersicht der Mittelstandsgemeinschaft Foto-Marketing (MFM). Das Honorar versteht sich zuz\u00fcglich der jeweils g\u00fcltigen Mehrwertsteuer.<\/h5>\n<h5>2. Das Honorar gilt nur f\u00fcr die einmalige Nutzung des Bildmaterials zu dem vereinbarten Zweck gem\u00e4\u00df Ziff.III 3. oder 2. AGB. Soll das Honorar auch f\u00fcr eine weitergehende Nutzung bestimmt sein, ist dieses schriftlich zu vereinbaren.<\/h5>\n<h5>3. Durch den Auftrag anfallende Kosten und Auslagen (z.B. Material- und Laborkosten, Modellhonorare, Kosten f\u00fcr erforderliche Requisiten, Reisekosten, erforderliche Spesen etc.) sind nicht im Honorar enthalten und gehen zu Lasten des Kunden.<\/h5>\n<h5>4. Das Honorar gem\u00e4\u00df V. 1. AGB ist auch dann in voller H\u00f6he zu zahlen, wenn das in Auftrag gegebene und gelieferte Bildmaterial nicht ver\u00f6ffentlicht wird. Bei Verwendung der Aufnahmen als Arbeitsvorlage f\u00fcr Layout- und Pr\u00e4sentationszwecke f\u00e4llt vorbehaltlich einer abweichenden Vereinbarung ein Honorar von mindestens EUR 75,00 pro Aufnahme an.<\/h5>\n<h5>5. Eine Aufrechnung oder die Aus\u00fcbung des Zur\u00fcckbehaltungsrechts ist nur gegen\u00fcber unbestrittenen oder rechtskr\u00e4ftig festgestellten Forderungen des Kunden zul\u00e4ssig. Zul\u00e4ssig ist au\u00dferdem die Aufrechnung mit bestrittenen aber entscheidungsreifen Gegenforderungen.<\/h5>\n<h5>VI. R\u00fcckgabe des Bildmaterials<\/h5>\n<h5>1. Das Bildmaterial ist in der gelieferten Form unverz\u00fcglich nach der Ver\u00f6ffentlichung oder der vereinbarten Nutzung, sp\u00e4testens jedoch 3 Monate nach dem Lieferdatum, unaufgefordert zur\u00fcckzusenden; beizuf\u00fcgen sind zwei Belegexemplare. Eine Verl\u00e4ngerung der 3-Monatsfrist bedarf der schriftlichen Genehmigung des Fotografen.<\/h5>\n<h5>2. \u00dcberl\u00e4sst der Fotograf auf Anforderung des Kunden oder mit dessen Einverst\u00e4ndnis Bildmaterial lediglich zum Zwecke der Pr\u00fcfung, ob eine Nutzung oder Ver\u00f6ffentlichung in Betracht kommt, hat der Kunde das Bildmaterial sp\u00e4testens innerhalb eines Monats nach Erhalt zur\u00fcckzugeben, sofern auf dem Lieferschein keine andere Frist vermerkt ist. Eine Verl\u00e4ngerung dieser Frist ist nur wirksam, wenn sie vom Fotografen schriftlich best\u00e4tigt worden ist.<\/h5>\n<h5>3. Die R\u00fccksendung des Bildmaterials erfolgt durch den Kunden auf dessen Kosten in branchen\u00fcblicher Verpackung. Der Kunde tr\u00e4gt das Risiko des Verlusts oder der Besch\u00e4digung w\u00e4hrend des Transports bis zum Eingang beim Fotografen.<\/h5>\n<h5>VII. Vertragsstrafe, Blockierung, Schadensersatz<\/h5>\n<h5>1. Bei jeglicher unberechtigten (ohne Zustimmung des Fotografen erfolgten) Nutzung, Verwendung, Wiedergabe oder Weitergabe des Bildmaterials ist f\u00fcr jeden Einzelfall eine Vertragsstrafe in H\u00f6he des f\u00fcnffachen Nutzungshonorars zu zahlen, vorbehaltlich weitergehender Schadensersatzanspr\u00fcche.<\/h5>\n<h5>2. Bei unterlassenem, unvollst\u00e4ndigem, falsch platziertem oder nicht zuordnungsf\u00e4higem Urhebervermerk ist ein Aufschlag in H\u00f6he von 100 % des Nutzungshonorars zu zahlen.<\/h5>\n<h5>3. Bei nicht rechtzeitiger R\u00fcckgabe des Bildmaterials (Blockierung) ist f\u00fcr die Zeit nach Ablauf der in Ziff.VI.1.oder 2. gesetzten Fristen eine Vertragsstrafe zu zahlen in H\u00f6he von<\/h5>\n<h5>* EUR 0,25 pro Tag und Bild f\u00fcr s\/w- oder Color-Abz\u00fcge oder Dia-Duplikate<\/h5>\n<h5>* EUR 1,00 pro Tag und Bild f\u00fcr Dias, Negative oder andere Unikate.<\/h5>\n<h5>4. F\u00fcr besch\u00e4digtes, zerst\u00f6rtes oder abhanden gekommenes Bildmaterial ist Schadensersatz zu leisten, ohne dass der Fotograf die H\u00f6he des Schadens nachzuweisen hat in H\u00f6he von<\/h5>\n<h5>* EUR 40,00 pro s\/w- oder Colorabzug oder KB-Dia-Duplikat<\/h5>\n<h5>* EUR 125,00 pro Mittel- oder Gro\u00dfformat-Dia-Duplikat<\/h5>\n<h5>* EUR 250,00 pro Dia-Original, Negativ oder anderem Unikat<\/h5>\n<h5>* EUR 500,00 pro nicht wiederholbarem Dia, Negativ oder anderem Unikat.<\/h5>\n<h5>Bei Besch\u00e4digungen sind die S\u00e4tze entsprechend dem Grad der Besch\u00e4digung und dem Umfang der weiteren Nutzungsm\u00f6glichkeit herabzusetzen. Beiden Vertragsparteien bleibt der Nachweis vorbehalten, dass ein h\u00f6herer bzw. geringerer oder gar kein Schaden eingetreten ist.<\/h5>\n<h5>5. Bei fehlendem Belegexemplar oder bei Abrechnung ohne Belegexemplar oder bei Abrechnung ohne Angabe, welches Bild an welcher Stelle in welcher Publikation verwendet worden ist, ist eine Vertragsstrafe in H\u00f6he von 50% des Nutzungshonorars zu zahlen.<\/h5>\n<h5>6. Durch die in Ziffer VII. vorgesehenen Zahlungen werden keinerlei Nutzungsrechte begr\u00fcndet.<\/h5>\n<h5>VIII.<\/h5>\n<h5>1. Es gilt das Recht der Bundesrepublik Deutschland als vereinbart, und zwar auch bei Lieferungen ins Ausland.<\/h5>\n<h5>2. Nebenabreden zum Vertrag oder zu diesen AGB bed\u00fcrfen zu ihrer Wirksamkeit der Schriftform.<\/h5>\n<h5>3. Die etwaige Nichtigkeit bzw. Unwirksamkeit einer oder mehrerer Bestimmungen dieser AGB ber\u00fchrt nicht die Wirksamkeit der \u00fcbrigen Bestimmungen. Die Parteien verpflichten sich, die ung\u00fcltige Bestimmung durch eine sinnentsprechende wirksame Bestimmung zu ersetzen, die der angestrebten Regelung wirtschaftlich und juristisch am n\u00e4chsten kommt.<\/h5>\n<h5>4. Erf\u00fcllungsort und Gerichtsstand ist, wenn der Kunde Vollkaufmann ist, der Wohnsitz des Fotografen.<\/h5>\n<p>[\/vc_column_text][\/vc_column][\/vc_row]<\/p>\n<\/section>","protected":false},"excerpt":{"rendered":"<p>[vc_row][vc_column][vc_column_text] Allgemeine Liefer- und Gesch\u00e4ftsbedingungen \u2013 Fotostudio Michael Tschuschner I. Allgemeines 1. Die nachfolgenden allgemeinen Liefer- und Gesch\u00e4ftsbedingungen (im folgenden AGB genannt) gelten f\u00fcr alle vom Fotografen durchgef\u00fchrten Auftr\u00e4ge, Angebote, Lieferungen und Leistungen. 2. Sie gelten als vereinbart mit Entgegennahme der Lieferung oder Leistung bzw. des Angebots des Fotografen durch den Kunden, sp\u00e4testens jedoch mit [&hellip;]<\/p>\n","protected":false},"author":1,"featured_media":0,"parent":0,"menu_order":0,"comment_status":"closed","ping_status":"closed","template":"","meta":{"ngg_post_thumbnail":0,"footnotes":""},"class_list":["post-439","page","type-page","status-publish","hentry"],"yoast_head":"<!-- This site is optimized with the Yoast SEO plugin v27.5 - https:\/\/yoast.com\/product\/yoast-seo-wordpress\/ -->\n<title>AGBs - Fotos vom Profi<\/title>\n<meta name=\"description\" content=\"Hier finden Sie alle Hinweise (AGBs) zu unseren Dienstleistungen im Fotostudio Michael Tschuschner in Gr\u00e4felfing\" \/>\n<meta name=\"robots\" content=\"index, follow, max-snippet:-1, max-image-preview:large, max-video-preview:-1\" \/>\n<link rel=\"canonical\" href=\"https:\/\/tschuschner.de\/?page_id=439\" \/>\n<meta property=\"og:locale\" content=\"de_DE\" \/>\n<meta property=\"og:type\" content=\"article\" \/>\n<meta property=\"og:title\" content=\"AGBs - Fotos vom Profi\" \/>\n<meta property=\"og:description\" content=\"Hier finden Sie alle Hinweise (AGBs) zu unseren Dienstleistungen im Fotostudio Michael Tschuschner in Gr\u00e4felfing\" \/>\n<meta property=\"og:url\" content=\"https:\/\/tschuschner.de\/?page_id=439\" \/>\n<meta property=\"og:site_name\" content=\"Fotos vom Profi\" \/>\n<meta property=\"article:modified_time\" content=\"2025-11-03T13:33:43+00:00\" \/>\n<meta name=\"twitter:card\" content=\"summary_large_image\" \/>\n<meta name=\"twitter:label1\" content=\"Gesch\u00e4tzte Lesezeit\" \/>\n\t<meta name=\"twitter:data1\" content=\"8\u00a0Minuten\" \/>\n<script type=\"application\/ld+json\" class=\"yoast-schema-graph\">{\"@context\":\"https:\\\/\\\/schema.org\",\"@graph\":[{\"@type\":\"WebPage\",\"@id\":\"https:\\\/\\\/tschuschner.de\\\/?page_id=439\",\"url\":\"https:\\\/\\\/tschuschner.de\\\/?page_id=439\",\"name\":\"AGBs - Fotos vom Profi\",\"isPartOf\":{\"@id\":\"https:\\\/\\\/tschuschner.de\\\/#website\"},\"datePublished\":\"2024-02-09T14:51:42+00:00\",\"dateModified\":\"2025-11-03T13:33:43+00:00\",\"description\":\"Hier finden Sie alle Hinweise (AGBs) zu unseren Dienstleistungen im Fotostudio Michael Tschuschner in Gr\u00e4felfing\",\"breadcrumb\":{\"@id\":\"https:\\\/\\\/tschuschner.de\\\/?page_id=439#breadcrumb\"},\"inLanguage\":\"de\",\"potentialAction\":[{\"@type\":\"ReadAction\",\"target\":[\"https:\\\/\\\/tschuschner.de\\\/?page_id=439\"]}]},{\"@type\":\"BreadcrumbList\",\"@id\":\"https:\\\/\\\/tschuschner.de\\\/?page_id=439#breadcrumb\",\"itemListElement\":[{\"@type\":\"ListItem\",\"position\":1,\"name\":\"Startseite\",\"item\":\"https:\\\/\\\/tschuschner.de\\\/\"},{\"@type\":\"ListItem\",\"position\":2,\"name\":\"AGBs\"}]},{\"@type\":\"WebSite\",\"@id\":\"https:\\\/\\\/tschuschner.de\\\/#website\",\"url\":\"https:\\\/\\\/tschuschner.de\\\/\",\"name\":\"Fotos vom Profi\",\"description\":\"aus Gr\u00e4felfing im W\u00fcrmtal\",\"potentialAction\":[{\"@type\":\"SearchAction\",\"target\":{\"@type\":\"EntryPoint\",\"urlTemplate\":\"https:\\\/\\\/tschuschner.de\\\/?s={search_term_string}\"},\"query-input\":{\"@type\":\"PropertyValueSpecification\",\"valueRequired\":true,\"valueName\":\"search_term_string\"}}],\"inLanguage\":\"de\"}]}<\/script>\n<!-- \/ Yoast SEO plugin. -->","yoast_head_json":{"title":"AGBs - Fotos vom Profi","description":"Hier finden Sie alle Hinweise (AGBs) zu unseren Dienstleistungen im Fotostudio Michael Tschuschner in Gr\u00e4felfing","robots":{"index":"index","follow":"follow","max-snippet":"max-snippet:-1","max-image-preview":"max-image-preview:large","max-video-preview":"max-video-preview:-1"},"canonical":"https:\/\/tschuschner.de\/?page_id=439","og_locale":"de_DE","og_type":"article","og_title":"AGBs - Fotos vom Profi","og_description":"Hier finden Sie alle Hinweise (AGBs) zu unseren Dienstleistungen im Fotostudio Michael Tschuschner in Gr\u00e4felfing","og_url":"https:\/\/tschuschner.de\/?page_id=439","og_site_name":"Fotos vom Profi","article_modified_time":"2025-11-03T13:33:43+00:00","twitter_card":"summary_large_image","twitter_misc":{"Gesch\u00e4tzte Lesezeit":"8\u00a0Minuten"},"schema":{"@context":"https:\/\/schema.org","@graph":[{"@type":"WebPage","@id":"https:\/\/tschuschner.de\/?page_id=439","url":"https:\/\/tschuschner.de\/?page_id=439","name":"AGBs - Fotos vom Profi","isPartOf":{"@id":"https:\/\/tschuschner.de\/#website"},"datePublished":"2024-02-09T14:51:42+00:00","dateModified":"2025-11-03T13:33:43+00:00","description":"Hier finden Sie alle Hinweise (AGBs) zu unseren Dienstleistungen im Fotostudio Michael Tschuschner in Gr\u00e4felfing","breadcrumb":{"@id":"https:\/\/tschuschner.de\/?page_id=439#breadcrumb"},"inLanguage":"de","potentialAction":[{"@type":"ReadAction","target":["https:\/\/tschuschner.de\/?page_id=439"]}]},{"@type":"BreadcrumbList","@id":"https:\/\/tschuschner.de\/?page_id=439#breadcrumb","itemListElement":[{"@type":"ListItem","position":1,"name":"Startseite","item":"https:\/\/tschuschner.de\/"},{"@type":"ListItem","position":2,"name":"AGBs"}]},{"@type":"WebSite","@id":"https:\/\/tschuschner.de\/#website","url":"https:\/\/tschuschner.de\/","name":"Fotos vom Profi","description":"aus Gr\u00e4felfing im W\u00fcrmtal","potentialAction":[{"@type":"SearchAction","target":{"@type":"EntryPoint","urlTemplate":"https:\/\/tschuschner.de\/?s={search_term_string}"},"query-input":{"@type":"PropertyValueSpecification","valueRequired":true,"valueName":"search_term_string"}}],"inLanguage":"de"}]}},"_links":{"self":[{"href":"https:\/\/tschuschner.de\/index.php?rest_route=\/wp\/v2\/pages\/439","targetHints":{"allow":["GET"]}}],"collection":[{"href":"https:\/\/tschuschner.de\/index.php?rest_route=\/wp\/v2\/pages"}],"about":[{"href":"https:\/\/tschuschner.de\/index.php?rest_route=\/wp\/v2\/types\/page"}],"author":[{"embeddable":true,"href":"https:\/\/tschuschner.de\/index.php?rest_route=\/wp\/v2\/users\/1"}],"replies":[{"embeddable":true,"href":"https:\/\/tschuschner.de\/index.php?rest_route=%2Fwp%2Fv2%2Fcomments&post=439"}],"version-history":[{"count":10,"href":"https:\/\/tschuschner.de\/index.php?rest_route=\/wp\/v2\/pages\/439\/revisions"}],"predecessor-version":[{"id":1212,"href":"https:\/\/tschuschner.de\/index.php?rest_route=\/wp\/v2\/pages\/439\/revisions\/1212"}],"wp:attachment":[{"href":"https:\/\/tschuschner.de\/index.php?rest_route=%2Fwp%2Fv2%2Fmedia&parent=439"}],"curies":[{"name":"wp","href":"https:\/\/api.w.org\/{rel}","templated":true}]}}