{"id":69,"date":"2023-01-19T17:11:18","date_gmt":"2023-01-19T17:11:18","guid":{"rendered":"https:\/\/tschuschner.com\/?page_id=69"},"modified":"2025-12-27T14:20:12","modified_gmt":"2025-12-27T14:20:12","slug":"69-2","status":"publish","type":"page","link":"https:\/\/tschuschner.de\/?page_id=69","title":{"rendered":"Kontakt | Anfahrt"},"content":{"rendered":"<section class=\"wpb-content-wrapper\"><p>[vc_row][vc_column width=\u201c1\/4\u2033][vc_column_text css=\u201c.vc_custom_1721372578899{padding-top: 50px !important;padding-left: 50px !important;background-color: #0a0a0a !important;}\u201c]<\/p>\r\n<h3>Kontakt:<\/h3>\r\n<h5>Michael Tschuschner<\/h5>\r\n<h5>Grawolfstr. 4<\/h5>\r\n<h5>82166 Gr\u00e4felfing<\/h5>\r\n<h5>Telefon 0171 870 75 71<\/h5>\r\n<h5>info@tschuschner.de<\/h5>\r\n<p>\u00a0<\/p>\r\n<p>[\/vc_column_text][\/vc_column][vc_column width=\u201c3\/4\u2033][vc_column_text css=\u201c.vc_custom_1674325117848{background-color: #0a0a0a !important;}\u201c]<\/p>\r\n<h3>Anfahrt:<\/h3>\r\n<p>[\/vc_column_text][vc_gmaps link=\u201c#E-8_JTNDaWZyYW1lJTIwc3JjJTNEJTIyaHR0cHMlM0ElMkYlMkZ3d3cuZ29vZ2xlLmNvbSUyRm1hcHMlMkZlbWJlZCUzRnBiJTNEJTIxMW0xOCUyMTFtMTIlMjExbTMlMjExZDI2NjMuNjA0NTIyMDE2MzUxNCUyMTJkMTEuNDI3MTI1NjE1ODM3MzUxJTIxM2Q0OC4xMTc4NjQyNjA1MTIzOCUyMTJtMyUyMTFmMCUyMTJmMCUyMTNmMCUyMTNtMiUyMTFpMTAyNCUyMTJpNzY4JTIxNGYxMy4xJTIxM20zJTIxMW0yJTIxMXMweDQ3OWRkNzg2NzNiZTc3NjMlMjUzQTB4YmRjNDJjNjZlZjUzZTlhNCUyMTJzRm90b2dyYWYlMjUyME1pY2hhZWwlMjUyMFRzY2h1c2NobmVyJTI1MjAtJTI1MjBUZXJtaW5lJTI1MjBudXIlMjUyMG5hY2glMjUyMFZlcmVpbmJhcnVuZyUyMTVlMCUyMTNtMiUyMTFzZGUlMjEyc2RlJTIxNHYxNjc0MzI0NzY5NDYzJTIxNW0yJTIxMXNkZSUyMTJzZGUlMjIlMjB3aWR0aCUzRCUyMjYwMCUyMiUyMGhlaWdodCUzRCUyMjQ1MCUyMiUyMHN0eWxlJTNEJTIyYm9yZGVyJTNBMCUzQiUyMiUyMGFsbG93ZnVsbHNjcmVlbiUzRCUyMiUyMiUyMGxvYWRpbmclM0QlMjJsYXp5JTIyJTIwcmVmZXJyZXJwb2xpY3klM0QlMjJuby1yZWZlcnJlci13aGVuLWRvd25ncmFkZSUyMiUzRSUzQyUyRmlmcmFtZSUzRQ==\u201c][vc_column_text]<\/p>\r\n<h4>Bitte verwenden Sie dieses Formular oder schreiben Sie uns an <a href=\"mailto:info@tschuschner.de\"><strong>Fotograf-Gr\u00e4felfing,<\/strong><\/a><br>wenn Sie Fragen an uns haben oder weitere Informationen ben\u00f6tigen.<br>W\u00e4hrend der Shootings sind wir oft schlecht erreichbar.<\/h4>\r\n<p>\u00a0<\/p>\r\n\n<div class=\"wpcf7 no-js\" id=\"wpcf7-f599-o1\" lang=\"de-DE\" dir=\"ltr\" data-wpcf7-id=\"599\">\n<div class=\"screen-reader-response\"><p role=\"status\" aria-live=\"polite\" aria-atomic=\"true\"><\/p> <ul><\/ul><\/div>\n<form action=\"\/index.php?rest_route=%2Fwp%2Fv2%2Fpages%2F69#wpcf7-f599-o1\" method=\"post\" class=\"wpcf7-form init\" aria-label=\"Kontaktformular\" novalidate=\"novalidate\" data-status=\"init\">\n<fieldset class=\"hidden-fields-container\"><input type=\"hidden\" name=\"_wpcf7\" value=\"599\" \/><input type=\"hidden\" name=\"_wpcf7_version\" value=\"6.1.5\" \/><input type=\"hidden\" name=\"_wpcf7_locale\" value=\"de_DE\" \/><input type=\"hidden\" name=\"_wpcf7_unit_tag\" value=\"wpcf7-f599-o1\" \/><input type=\"hidden\" name=\"_wpcf7_container_post\" value=\"0\" \/><input type=\"hidden\" name=\"_wpcf7_posted_data_hash\" value=\"\" \/>\n<\/fieldset>\n<p><label> Dein Name*<br \/>\n<span class=\"wpcf7-form-control-wrap\" data-name=\"your-name\"><input size=\"40\" maxlength=\"400\" class=\"wpcf7-form-control wpcf7-text wpcf7-validates-as-required\" autocomplete=\"name\" aria-required=\"true\" aria-invalid=\"false\" value=\"\" type=\"text\" name=\"your-name\" \/><\/span> <\/label>\n<\/p>\n<p><label> Deine E-Mail-Adresse*<br \/>\n<span class=\"wpcf7-form-control-wrap\" data-name=\"your-email\"><input size=\"40\" maxlength=\"400\" class=\"wpcf7-form-control wpcf7-email wpcf7-validates-as-required wpcf7-text wpcf7-validates-as-email\" autocomplete=\"email\" aria-required=\"true\" aria-invalid=\"false\" value=\"\" type=\"email\" name=\"your-email\" \/><\/span> <\/label>\n<\/p>\n<p><label> Deine Telefonnummer*<br \/>\n<span class=\"wpcf7-form-control-wrap\" data-name=\"tel-813\"><input size=\"40\" maxlength=\"400\" class=\"wpcf7-form-control wpcf7-tel wpcf7-validates-as-required wpcf7-text wpcf7-validates-as-tel\" autocomplete=\"tel\" aria-required=\"true\" aria-invalid=\"false\" value=\"\" type=\"tel\" name=\"tel-813\" \/><\/span> <\/label>\n<\/p>\n<p><label> Betreff*<br \/>\n<span class=\"wpcf7-form-control-wrap\" data-name=\"your-subject\"><input size=\"40\" maxlength=\"400\" class=\"wpcf7-form-control wpcf7-text wpcf7-validates-as-required\" aria-required=\"true\" aria-invalid=\"false\" value=\"\" type=\"text\" name=\"your-subject\" \/><\/span> <\/label>\n<\/p>\n<p><label> Deine Nachricht<br \/>\n<span class=\"wpcf7-form-control-wrap\" data-name=\"your-message\"><textarea cols=\"40\" rows=\"10\" maxlength=\"2000\" class=\"wpcf7-form-control wpcf7-textarea\" aria-invalid=\"false\" name=\"your-message\"><\/textarea><\/span> <\/label><br \/>\n<span id=\"wpcf7-69f52ab4e2b66-wrapper\" class=\"wpcf7-form-control-wrap honeypot-561-wrap\" ><input type=\"hidden\" name=\"honeypot-561-time-start\" value=\"1777674932\"><input type=\"hidden\" name=\"honeypot-561-time-check\" value=\"4\"><label for=\"wpcf7-69f52ab4e2b66-field\" class=\"hp-message\">Bitte lasse dieses Feld leer.<\/label><input id=\"wpcf7-69f52ab4e2b66-field\"  class=\"wpcf7-form-control wpcf7-text\" type=\"text\" name=\"honeypot-561\" value=\"\" size=\"40\" tabindex=\"-1\" autocomplete=\"new-password\" \/><\/span>\n<\/p>\n<p><span class=\"wpcf7-form-control-wrap\" data-name=\"checkbox-852\"><span class=\"wpcf7-form-control wpcf7-checkbox wpcf7-validates-as-required\"><span class=\"wpcf7-list-item first last\"><label><input type=\"checkbox\" name=\"checkbox-852[]\" value=\"Ich akzeptiere die AGBs\" \/><span class=\"wpcf7-list-item-label\">Ich akzeptiere die AGBs<\/span><\/label><\/span><\/span><\/span>\n<\/p>\n<p>Pflichtfelder*\n<\/p>\n<p><input class=\"wpcf7-form-control wpcf7-submit has-spinner\" type=\"submit\" value=\"Senden\" \/>\n<\/p><div class=\"wpcf7-response-output\" aria-hidden=\"true\"><\/div>\n<\/form>\n<\/div>\n\r\n<p>[\/vc_column_text][\/vc_column][\/vc_row]<\/p><\/section>","protected":false},"excerpt":{"rendered":"<p>[vc_row][vc_column width=\u201c1\/4\u2033][vc_column_text css=\u201c.vc_custom_1721372578899{padding-top: 50px !important;padding-left: 50px !important;background-color: #0a0a0a !important;}\u201c] Kontakt: Michael Tschuschner Grawolfstr. 4 82166 Gr\u00e4felfing Telefon 0171 870 75 71 info@tschuschner.de \u00a0 [\/vc_column_text][\/vc_column][vc_column width=\u201c3\/4\u2033][vc_column_text css=\u201c.vc_custom_1674325117848{background-color: #0a0a0a !important;}\u201c] Anfahrt: [\/vc_column_text][vc_gmaps link=\u201c#E-8_JTNDaWZyYW1lJTIwc3JjJTNEJTIyaHR0cHMlM0ElMkYlMkZ3d3cuZ29vZ2xlLmNvbSUyRm1hcHMlMkZlbWJlZCUzRnBiJTNEJTIxMW0xOCUyMTFtMTIlMjExbTMlMjExZDI2NjMuNjA0NTIyMDE2MzUxNCUyMTJkMTEuNDI3MTI1NjE1ODM3MzUxJTIxM2Q0OC4xMTc4NjQyNjA1MTIzOCUyMTJtMyUyMTFmMCUyMTJmMCUyMTNmMCUyMTNtMiUyMTFpMTAyNCUyMTJpNzY4JTIxNGYxMy4xJTIxM20zJTIxMW0yJTIxMXMweDQ3OWRkNzg2NzNiZTc3NjMlMjUzQTB4YmRjNDJjNjZlZjUzZTlhNCUyMTJzRm90b2dyYWYlMjUyME1pY2hhZWwlMjUyMFRzY2h1c2NobmVyJTI1MjAtJTI1MjBUZXJtaW5lJTI1MjBudXIlMjUyMG5hY2glMjUyMFZlcmVpbmJhcnVuZyUyMTVlMCUyMTNtMiUyMTFzZGUlMjEyc2RlJTIxNHYxNjc0MzI0NzY5NDYzJTIxNW0yJTIxMXNkZSUyMTJzZGUlMjIlMjB3aWR0aCUzRCUyMjYwMCUyMiUyMGhlaWdodCUzRCUyMjQ1MCUyMiUyMHN0eWxlJTNEJTIyYm9yZGVyJTNBMCUzQiUyMiUyMGFsbG93ZnVsbHNjcmVlbiUzRCUyMiUyMiUyMGxvYWRpbmclM0QlMjJsYXp5JTIyJTIwcmVmZXJyZXJwb2xpY3klM0QlMjJuby1yZWZlcnJlci13aGVuLWRvd25ncmFkZSUyMiUzRSUzQyUyRmlmcmFtZSUzRQ==\u201c][vc_column_text] Bitte verwenden Sie dieses Formular oder schreiben Sie uns an Fotograf-Gr\u00e4felfing,wenn Sie Fragen an uns haben oder weitere Informationen ben\u00f6tigen.W\u00e4hrend der Shootings sind wir [&hellip;]<\/p>\n","protected":false},"author":1,"featured_media":0,"parent":0,"menu_order":0,"comment_status":"closed","ping_status":"closed","template":"","meta":{"ngg_post_thumbnail":0,"footnotes":""},"class_list":["post-69","page","type-page","status-publish","hentry"],"yoast_head":"<!-- This site is optimized with the Yoast SEO plugin v27.5 - https:\/\/yoast.com\/product\/yoast-seo-wordpress\/ -->\n<title>Kontakt | Anfahrt - Fotos vom Profi<\/title>\n<meta name=\"robots\" content=\"index, follow, max-snippet:-1, max-image-preview:large, max-video-preview:-1\" \/>\n<link rel=\"canonical\" href=\"https:\/\/tschuschner.de\/?page_id=69\" \/>\n<meta property=\"og:locale\" content=\"de_DE\" \/>\n<meta property=\"og:type\" content=\"article\" \/>\n<meta property=\"og:title\" content=\"Kontakt | Anfahrt - Fotos vom Profi\" \/>\n<meta property=\"og:description\" content=\"[vc_row][vc_column width=\u201c1\/4\u2033][vc_column_text css=\u201c.vc_custom_1721372578899{padding-top: 50px !important;padding-left: 50px !important;background-color: #0a0a0a !important;}\u201c] Kontakt: Michael Tschuschner Grawolfstr. 4 82166 Gr\u00e4felfing Telefon 0171 870 75 71 info@tschuschner.de \u00a0 [\/vc_column_text][\/vc_column][vc_column width=\u201c3\/4\u2033][vc_column_text css=\u201c.vc_custom_1674325117848{background-color: #0a0a0a !important;}\u201c] Anfahrt: [\/vc_column_text][vc_gmaps link=\u201c#E-8_JTNDaWZyYW1lJTIwc3JjJTNEJTIyaHR0cHMlM0ElMkYlMkZ3d3cuZ29vZ2xlLmNvbSUyRm1hcHMlMkZlbWJlZCUzRnBiJTNEJTIxMW0xOCUyMTFtMTIlMjExbTMlMjExZDI2NjMuNjA0NTIyMDE2MzUxNCUyMTJkMTEuNDI3MTI1NjE1ODM3MzUxJTIxM2Q0OC4xMTc4NjQyNjA1MTIzOCUyMTJtMyUyMTFmMCUyMTJmMCUyMTNmMCUyMTNtMiUyMTFpMTAyNCUyMTJpNzY4JTIxNGYxMy4xJTIxM20zJTIxMW0yJTIxMXMweDQ3OWRkNzg2NzNiZTc3NjMlMjUzQTB4YmRjNDJjNjZlZjUzZTlhNCUyMTJzRm90b2dyYWYlMjUyME1pY2hhZWwlMjUyMFRzY2h1c2NobmVyJTI1MjAtJTI1MjBUZXJtaW5lJTI1MjBudXIlMjUyMG5hY2glMjUyMFZlcmVpbmJhcnVuZyUyMTVlMCUyMTNtMiUyMTFzZGUlMjEyc2RlJTIxNHYxNjc0MzI0NzY5NDYzJTIxNW0yJTIxMXNkZSUyMTJzZGUlMjIlMjB3aWR0aCUzRCUyMjYwMCUyMiUyMGhlaWdodCUzRCUyMjQ1MCUyMiUyMHN0eWxlJTNEJTIyYm9yZGVyJTNBMCUzQiUyMiUyMGFsbG93ZnVsbHNjcmVlbiUzRCUyMiUyMiUyMGxvYWRpbmclM0QlMjJsYXp5JTIyJTIwcmVmZXJyZXJwb2xpY3klM0QlMjJuby1yZWZlcnJlci13aGVuLWRvd25ncmFkZSUyMiUzRSUzQyUyRmlmcmFtZSUzRQ==\u201c][vc_column_text] Bitte verwenden Sie dieses Formular oder schreiben Sie uns an Fotograf-Gr\u00e4felfing,wenn Sie Fragen an uns haben oder weitere Informationen ben\u00f6tigen.W\u00e4hrend der Shootings sind wir [&hellip;]\" \/>\n<meta property=\"og:url\" content=\"https:\/\/tschuschner.de\/?page_id=69\" \/>\n<meta property=\"og:site_name\" content=\"Fotos vom Profi\" \/>\n<meta property=\"article:modified_time\" content=\"2025-12-27T14:20:12+00:00\" \/>\n<meta name=\"twitter:card\" content=\"summary_large_image\" \/>\n<meta name=\"twitter:label1\" content=\"Gesch\u00e4tzte Lesezeit\" \/>\n\t<meta name=\"twitter:data1\" content=\"1\u00a0Minute\" \/>\n<script type=\"application\/ld+json\" class=\"yoast-schema-graph\">{\"@context\":\"https:\\\/\\\/schema.org\",\"@graph\":[{\"@type\":\"WebPage\",\"@id\":\"https:\\\/\\\/tschuschner.de\\\/?page_id=69\",\"url\":\"https:\\\/\\\/tschuschner.de\\\/?page_id=69\",\"name\":\"Kontakt | Anfahrt - Fotos vom Profi\",\"isPartOf\":{\"@id\":\"https:\\\/\\\/tschuschner.de\\\/#website\"},\"datePublished\":\"2023-01-19T17:11:18+00:00\",\"dateModified\":\"2025-12-27T14:20:12+00:00\",\"breadcrumb\":{\"@id\":\"https:\\\/\\\/tschuschner.de\\\/?page_id=69#breadcrumb\"},\"inLanguage\":\"de\",\"potentialAction\":[{\"@type\":\"ReadAction\",\"target\":[\"https:\\\/\\\/tschuschner.de\\\/?page_id=69\"]}]},{\"@type\":\"BreadcrumbList\",\"@id\":\"https:\\\/\\\/tschuschner.de\\\/?page_id=69#breadcrumb\",\"itemListElement\":[{\"@type\":\"ListItem\",\"position\":1,\"name\":\"Startseite\",\"item\":\"https:\\\/\\\/tschuschner.de\\\/\"},{\"@type\":\"ListItem\",\"position\":2,\"name\":\"Kontakt | Anfahrt\"}]},{\"@type\":\"WebSite\",\"@id\":\"https:\\\/\\\/tschuschner.de\\\/#website\",\"url\":\"https:\\\/\\\/tschuschner.de\\\/\",\"name\":\"Fotos vom Profi\",\"description\":\"aus Gr\u00e4felfing im W\u00fcrmtal\",\"potentialAction\":[{\"@type\":\"SearchAction\",\"target\":{\"@type\":\"EntryPoint\",\"urlTemplate\":\"https:\\\/\\\/tschuschner.de\\\/?s={search_term_string}\"},\"query-input\":{\"@type\":\"PropertyValueSpecification\",\"valueRequired\":true,\"valueName\":\"search_term_string\"}}],\"inLanguage\":\"de\"}]}<\/script>\n<!-- \/ Yoast SEO plugin. -->","yoast_head_json":{"title":"Kontakt | Anfahrt - Fotos vom Profi","robots":{"index":"index","follow":"follow","max-snippet":"max-snippet:-1","max-image-preview":"max-image-preview:large","max-video-preview":"max-video-preview:-1"},"canonical":"https:\/\/tschuschner.de\/?page_id=69","og_locale":"de_DE","og_type":"article","og_title":"Kontakt | Anfahrt - Fotos vom Profi","og_description":"[vc_row][vc_column width=\u201c1\/4\u2033][vc_column_text css=\u201c.vc_custom_1721372578899{padding-top: 50px !important;padding-left: 50px !important;background-color: #0a0a0a !important;}\u201c] Kontakt: Michael Tschuschner Grawolfstr. 4 82166 Gr\u00e4felfing Telefon 0171 870 75 71 info@tschuschner.de \u00a0 [\/vc_column_text][\/vc_column][vc_column width=\u201c3\/4\u2033][vc_column_text css=\u201c.vc_custom_1674325117848{background-color: #0a0a0a !important;}\u201c] Anfahrt: [\/vc_column_text][vc_gmaps link=\u201c#E-8_JTNDaWZyYW1lJTIwc3JjJTNEJTIyaHR0cHMlM0ElMkYlMkZ3d3cuZ29vZ2xlLmNvbSUyRm1hcHMlMkZlbWJlZCUzRnBiJTNEJTIxMW0xOCUyMTFtMTIlMjExbTMlMjExZDI2NjMuNjA0NTIyMDE2MzUxNCUyMTJkMTEuNDI3MTI1NjE1ODM3MzUxJTIxM2Q0OC4xMTc4NjQyNjA1MTIzOCUyMTJtMyUyMTFmMCUyMTJmMCUyMTNmMCUyMTNtMiUyMTFpMTAyNCUyMTJpNzY4JTIxNGYxMy4xJTIxM20zJTIxMW0yJTIxMXMweDQ3OWRkNzg2NzNiZTc3NjMlMjUzQTB4YmRjNDJjNjZlZjUzZTlhNCUyMTJzRm90b2dyYWYlMjUyME1pY2hhZWwlMjUyMFRzY2h1c2NobmVyJTI1MjAtJTI1MjBUZXJtaW5lJTI1MjBudXIlMjUyMG5hY2glMjUyMFZlcmVpbmJhcnVuZyUyMTVlMCUyMTNtMiUyMTFzZGUlMjEyc2RlJTIxNHYxNjc0MzI0NzY5NDYzJTIxNW0yJTIxMXNkZSUyMTJzZGUlMjIlMjB3aWR0aCUzRCUyMjYwMCUyMiUyMGhlaWdodCUzRCUyMjQ1MCUyMiUyMHN0eWxlJTNEJTIyYm9yZGVyJTNBMCUzQiUyMiUyMGFsbG93ZnVsbHNjcmVlbiUzRCUyMiUyMiUyMGxvYWRpbmclM0QlMjJsYXp5JTIyJTIwcmVmZXJyZXJwb2xpY3klM0QlMjJuby1yZWZlcnJlci13aGVuLWRvd25ncmFkZSUyMiUzRSUzQyUyRmlmcmFtZSUzRQ==\u201c][vc_column_text] Bitte verwenden Sie dieses Formular oder schreiben Sie uns an Fotograf-Gr\u00e4felfing,wenn Sie Fragen an uns haben oder weitere Informationen ben\u00f6tigen.W\u00e4hrend der Shootings sind wir [&hellip;]","og_url":"https:\/\/tschuschner.de\/?page_id=69","og_site_name":"Fotos vom Profi","article_modified_time":"2025-12-27T14:20:12+00:00","twitter_card":"summary_large_image","twitter_misc":{"Gesch\u00e4tzte Lesezeit":"1\u00a0Minute"},"schema":{"@context":"https:\/\/schema.org","@graph":[{"@type":"WebPage","@id":"https:\/\/tschuschner.de\/?page_id=69","url":"https:\/\/tschuschner.de\/?page_id=69","name":"Kontakt | Anfahrt - Fotos vom Profi","isPartOf":{"@id":"https:\/\/tschuschner.de\/#website"},"datePublished":"2023-01-19T17:11:18+00:00","dateModified":"2025-12-27T14:20:12+00:00","breadcrumb":{"@id":"https:\/\/tschuschner.de\/?page_id=69#breadcrumb"},"inLanguage":"de","potentialAction":[{"@type":"ReadAction","target":["https:\/\/tschuschner.de\/?page_id=69"]}]},{"@type":"BreadcrumbList","@id":"https:\/\/tschuschner.de\/?page_id=69#breadcrumb","itemListElement":[{"@type":"ListItem","position":1,"name":"Startseite","item":"https:\/\/tschuschner.de\/"},{"@type":"ListItem","position":2,"name":"Kontakt | Anfahrt"}]},{"@type":"WebSite","@id":"https:\/\/tschuschner.de\/#website","url":"https:\/\/tschuschner.de\/","name":"Fotos vom Profi","description":"aus Gr\u00e4felfing im W\u00fcrmtal","potentialAction":[{"@type":"SearchAction","target":{"@type":"EntryPoint","urlTemplate":"https:\/\/tschuschner.de\/?s={search_term_string}"},"query-input":{"@type":"PropertyValueSpecification","valueRequired":true,"valueName":"search_term_string"}}],"inLanguage":"de"}]}},"_links":{"self":[{"href":"https:\/\/tschuschner.de\/index.php?rest_route=\/wp\/v2\/pages\/69","targetHints":{"allow":["GET"]}}],"collection":[{"href":"https:\/\/tschuschner.de\/index.php?rest_route=\/wp\/v2\/pages"}],"about":[{"href":"https:\/\/tschuschner.de\/index.php?rest_route=\/wp\/v2\/types\/page"}],"author":[{"embeddable":true,"href":"https:\/\/tschuschner.de\/index.php?rest_route=\/wp\/v2\/users\/1"}],"replies":[{"embeddable":true,"href":"https:\/\/tschuschner.de\/index.php?rest_route=%2Fwp%2Fv2%2Fcomments&post=69"}],"version-history":[{"count":30,"href":"https:\/\/tschuschner.de\/index.php?rest_route=\/wp\/v2\/pages\/69\/revisions"}],"predecessor-version":[{"id":1242,"href":"https:\/\/tschuschner.de\/index.php?rest_route=\/wp\/v2\/pages\/69\/revisions\/1242"}],"wp:attachment":[{"href":"https:\/\/tschuschner.de\/index.php?rest_route=%2Fwp%2Fv2%2Fmedia&parent=69"}],"curies":[{"name":"wp","href":"https:\/\/api.w.org\/{rel}","templated":true}]}}