{"id":798,"date":"2024-04-13T19:21:53","date_gmt":"2024-04-13T19:21:53","guid":{"rendered":"https:\/\/tschuschner.de\/?page_id=798"},"modified":"2024-07-13T11:34:44","modified_gmt":"2024-07-13T11:34:44","slug":"aktuelle-events-muenchen","status":"publish","type":"page","link":"https:\/\/tschuschner.de\/?page_id=798","title":{"rendered":"Aktuelle Events M\u00fcnchen"},"content":{"rendered":"<section class=\"wpb-content-wrapper\"><p>[vc_row][vc_column][vc_column_text]<\/p>\n<h1 class=\"id-StoryElement-headline\">Richtfest vom Die\u00dfener Carl Orff Museum<\/h1>\n<h4>Zu seinem 129. Geburtstag (11.07.2024) wurde das Richtfest des neuen Carl Orff Museums im Die\u00dfener Ziegelstadel gefeiert, wo Orff lebte und arbeitete.<\/h4>\n<h6>Es waren Ehreng\u00e4ste aus Kultur, Handwerker, Architekten, Regierung und Kommunalpolitiker eingeladen, die Judith Janowski, Generalsekret\u00e4rin der Carl Orff Stiftung zum Richtfest des neuen <strong><a href=\"https:\/\/co-mu.de\/\" target=\"_blank\" rel=\"noopener\">Carl Orff Museums<\/a><\/strong> begr\u00fc\u00dfen durfte. N\u00e4chstes Jahr,&nbsp; am 10. Juli, soll anl\u00e4sslich des 130. Geburtstags von Orff das neue Museum am Ziegelstadel festlich er\u00f6ffnet werden.<\/h6>\n<h6><strong><a href=\"https:\/\/youtu.be\/mmNRKI0D1I4\" target=\"_blank\" rel=\"noopener\">Hier klicken und Video ansehen<\/a><\/strong><\/h6>\n<p>[\/vc_column_text][vc_single_image image=&#8220;905&#8243; img_size=&#8220;400&#215;600&#8243; onclick=&#8220;custom_link&#8220; img_link_target=&#8220;_blank&#8220; link=&#8220;https:\/\/co-mu.de\/&#8220; css=&#8220;.vc_custom_1720795924861{margin-bottom: 50px !important;}&#8220;][vc_masonry_media_grid grid_id=&#8220;vc_gid:1720868635206-97d8ff94-1d17-9&#8243; include=&#8220;898,900,906,904,901,903,902,899,907,908&#8243;][vc_zigzag css=&#8220;.vc_custom_1720795780402{margin-top: 50px !important;margin-bottom: 50px !important;}&#8220;][\/vc_column][\/vc_row][vc_row][vc_column][vc_column_text]<\/p>\n<h1 class=\"id-StoryElement-headline\">Vesakh Festival Westpark 2024<\/h1>\n<p>[\/vc_column_text][vc_masonry_media_grid grid_id=&#8220;vc_gid:1720868635212-db942bcd-eddf-6&#8243; include=&#8220;866,854,864,857,855,863,865,869,858,856,859,860,861,862,867,868&#8243;][\/vc_column][\/vc_row][vc_row css=&#8220;.vc_custom_1715543812790{margin-top: 50px !important;}&#8220;][vc_column][vc_zigzag][\/vc_column][vc_column css=&#8220;.vc_custom_1715624807697{margin-top: 50px !important;}&#8220;][vc_single_image image=&#8220;801&#8243; img_size=&#8220;full&#8220; onclick=&#8220;custom_link&#8220; img_link_target=&#8220;_blank&#8220; title=&#8220;Bergson-Kunstkraftwerk Er\u00f6ffungstag 13.04.2024&#8243; link=&#8220;https:\/\/bergson.com\/&#8220;][\/vc_column][\/vc_row][vc_row][vc_column][vc_masonry_media_grid style=&#8220;lazy&#8220; initial_loading_animation=&#8220;fadeIn&#8220; grid_id=&#8220;vc_gid:1720868635219-ecc9ab59-3cab-9&#8243; include=&#8220;802,800,799&#8243;][\/vc_column][\/vc_row]<\/p>\n<\/section>","protected":false},"excerpt":{"rendered":"<p>[vc_row][vc_column][vc_column_text] Richtfest vom Die\u00dfener Carl Orff Museum Zu seinem 129. Geburtstag (11.07.2024) wurde das Richtfest des neuen Carl Orff Museums im Die\u00dfener Ziegelstadel gefeiert, wo Orff lebte und arbeitete. Es waren Ehreng\u00e4ste aus Kultur, Handwerker, Architekten, Regierung und Kommunalpolitiker eingeladen, die Judith Janowski, Generalsekret\u00e4rin der Carl Orff Stiftung zum Richtfest des neuen Carl Orff Museums [&hellip;]<\/p>\n","protected":false},"author":1,"featured_media":904,"parent":0,"menu_order":0,"comment_status":"closed","ping_status":"closed","template":"","meta":{"ngg_post_thumbnail":0,"footnotes":""},"class_list":["post-798","page","type-page","status-publish","has-post-thumbnail","hentry"],"yoast_head":"<!-- This site is optimized with the Yoast SEO plugin v27.4 - https:\/\/yoast.com\/product\/yoast-seo-wordpress\/ -->\n<title>Aktuelle Events M\u00fcnchen - Eventfotograf in Gr\u00e4felfing im W\u00fcrmtal<\/title>\n<meta name=\"description\" content=\"Richtfest vom Die\u00dfener Carl Orff Museum am 11.07.2024\" \/>\n<meta name=\"robots\" content=\"index, follow, max-snippet:-1, max-image-preview:large, max-video-preview:-1\" \/>\n<link rel=\"canonical\" href=\"https:\/\/tschuschner.de\/?page_id=798\" \/>\n<meta property=\"og:locale\" content=\"de_DE\" \/>\n<meta property=\"og:type\" content=\"article\" \/>\n<meta property=\"og:title\" content=\"Aktuelle Events M\u00fcnchen - Eventfotograf in Gr\u00e4felfing im W\u00fcrmtal\" \/>\n<meta property=\"og:description\" content=\"Richtfest vom Die\u00dfener Carl Orff Museum am 11.07.2024\" \/>\n<meta property=\"og:url\" content=\"https:\/\/tschuschner.de\/?page_id=798\" \/>\n<meta property=\"og:site_name\" content=\"Fotos vom Profi\" \/>\n<meta property=\"article:modified_time\" content=\"2024-07-13T11:34:44+00:00\" \/>\n<meta property=\"og:image\" content=\"https:\/\/tschuschner.de\/wp-content\/uploads\/2024\/07\/IMG_9560_b-scaled.jpg\" \/>\n\t<meta property=\"og:image:width\" content=\"2560\" \/>\n\t<meta property=\"og:image:height\" content=\"1707\" \/>\n\t<meta property=\"og:image:type\" content=\"image\/jpeg\" \/>\n<meta name=\"twitter:card\" content=\"summary_large_image\" \/>\n<meta name=\"twitter:label1\" content=\"Gesch\u00e4tzte Lesezeit\" \/>\n\t<meta name=\"twitter:data1\" content=\"7\u00a0Minuten\" \/>\n<script type=\"application\/ld+json\" class=\"yoast-schema-graph\">{\"@context\":\"https:\\\/\\\/schema.org\",\"@graph\":[{\"@type\":\"WebPage\",\"@id\":\"https:\\\/\\\/tschuschner.de\\\/?page_id=798\",\"url\":\"https:\\\/\\\/tschuschner.de\\\/?page_id=798\",\"name\":\"Aktuelle Events M\u00fcnchen - Eventfotograf in Gr\u00e4felfing im W\u00fcrmtal\",\"isPartOf\":{\"@id\":\"https:\\\/\\\/tschuschner.de\\\/#website\"},\"primaryImageOfPage\":{\"@id\":\"https:\\\/\\\/tschuschner.de\\\/?page_id=798#primaryimage\"},\"image\":{\"@id\":\"https:\\\/\\\/tschuschner.de\\\/?page_id=798#primaryimage\"},\"thumbnailUrl\":\"https:\\\/\\\/tschuschner.de\\\/wp-content\\\/uploads\\\/2024\\\/07\\\/IMG_9560_b-scaled.jpg\",\"datePublished\":\"2024-04-13T19:21:53+00:00\",\"dateModified\":\"2024-07-13T11:34:44+00:00\",\"description\":\"Richtfest vom Die\u00dfener Carl Orff Museum am 11.07.2024\",\"breadcrumb\":{\"@id\":\"https:\\\/\\\/tschuschner.de\\\/?page_id=798#breadcrumb\"},\"inLanguage\":\"de\",\"potentialAction\":[{\"@type\":\"ReadAction\",\"target\":[\"https:\\\/\\\/tschuschner.de\\\/?page_id=798\"]}]},{\"@type\":\"ImageObject\",\"inLanguage\":\"de\",\"@id\":\"https:\\\/\\\/tschuschner.de\\\/?page_id=798#primaryimage\",\"url\":\"https:\\\/\\\/tschuschner.de\\\/wp-content\\\/uploads\\\/2024\\\/07\\\/IMG_9560_b-scaled.jpg\",\"contentUrl\":\"https:\\\/\\\/tschuschner.de\\\/wp-content\\\/uploads\\\/2024\\\/07\\\/IMG_9560_b-scaled.jpg\",\"width\":2560,\"height\":1707},{\"@type\":\"BreadcrumbList\",\"@id\":\"https:\\\/\\\/tschuschner.de\\\/?page_id=798#breadcrumb\",\"itemListElement\":[{\"@type\":\"ListItem\",\"position\":1,\"name\":\"Startseite\",\"item\":\"https:\\\/\\\/tschuschner.de\\\/\"},{\"@type\":\"ListItem\",\"position\":2,\"name\":\"Aktuelle Events M\u00fcnchen\"}]},{\"@type\":\"WebSite\",\"@id\":\"https:\\\/\\\/tschuschner.de\\\/#website\",\"url\":\"https:\\\/\\\/tschuschner.de\\\/\",\"name\":\"Fotos vom Profi\",\"description\":\"aus Gr\u00e4felfing im W\u00fcrmtal\",\"potentialAction\":[{\"@type\":\"SearchAction\",\"target\":{\"@type\":\"EntryPoint\",\"urlTemplate\":\"https:\\\/\\\/tschuschner.de\\\/?s={search_term_string}\"},\"query-input\":{\"@type\":\"PropertyValueSpecification\",\"valueRequired\":true,\"valueName\":\"search_term_string\"}}],\"inLanguage\":\"de\"}]}<\/script>\n<!-- \/ Yoast SEO plugin. -->","yoast_head_json":{"title":"Aktuelle Events M\u00fcnchen - Eventfotograf in Gr\u00e4felfing im W\u00fcrmtal","description":"Richtfest vom Die\u00dfener Carl Orff Museum am 11.07.2024","robots":{"index":"index","follow":"follow","max-snippet":"max-snippet:-1","max-image-preview":"max-image-preview:large","max-video-preview":"max-video-preview:-1"},"canonical":"https:\/\/tschuschner.de\/?page_id=798","og_locale":"de_DE","og_type":"article","og_title":"Aktuelle Events M\u00fcnchen - Eventfotograf in Gr\u00e4felfing im W\u00fcrmtal","og_description":"Richtfest vom Die\u00dfener Carl Orff Museum am 11.07.2024","og_url":"https:\/\/tschuschner.de\/?page_id=798","og_site_name":"Fotos vom Profi","article_modified_time":"2024-07-13T11:34:44+00:00","og_image":[{"width":2560,"height":1707,"url":"https:\/\/tschuschner.de\/wp-content\/uploads\/2024\/07\/IMG_9560_b-scaled.jpg","type":"image\/jpeg"}],"twitter_card":"summary_large_image","twitter_misc":{"Gesch\u00e4tzte Lesezeit":"7\u00a0Minuten"},"schema":{"@context":"https:\/\/schema.org","@graph":[{"@type":"WebPage","@id":"https:\/\/tschuschner.de\/?page_id=798","url":"https:\/\/tschuschner.de\/?page_id=798","name":"Aktuelle Events M\u00fcnchen - Eventfotograf in Gr\u00e4felfing im W\u00fcrmtal","isPartOf":{"@id":"https:\/\/tschuschner.de\/#website"},"primaryImageOfPage":{"@id":"https:\/\/tschuschner.de\/?page_id=798#primaryimage"},"image":{"@id":"https:\/\/tschuschner.de\/?page_id=798#primaryimage"},"thumbnailUrl":"https:\/\/tschuschner.de\/wp-content\/uploads\/2024\/07\/IMG_9560_b-scaled.jpg","datePublished":"2024-04-13T19:21:53+00:00","dateModified":"2024-07-13T11:34:44+00:00","description":"Richtfest vom Die\u00dfener Carl Orff Museum am 11.07.2024","breadcrumb":{"@id":"https:\/\/tschuschner.de\/?page_id=798#breadcrumb"},"inLanguage":"de","potentialAction":[{"@type":"ReadAction","target":["https:\/\/tschuschner.de\/?page_id=798"]}]},{"@type":"ImageObject","inLanguage":"de","@id":"https:\/\/tschuschner.de\/?page_id=798#primaryimage","url":"https:\/\/tschuschner.de\/wp-content\/uploads\/2024\/07\/IMG_9560_b-scaled.jpg","contentUrl":"https:\/\/tschuschner.de\/wp-content\/uploads\/2024\/07\/IMG_9560_b-scaled.jpg","width":2560,"height":1707},{"@type":"BreadcrumbList","@id":"https:\/\/tschuschner.de\/?page_id=798#breadcrumb","itemListElement":[{"@type":"ListItem","position":1,"name":"Startseite","item":"https:\/\/tschuschner.de\/"},{"@type":"ListItem","position":2,"name":"Aktuelle Events M\u00fcnchen"}]},{"@type":"WebSite","@id":"https:\/\/tschuschner.de\/#website","url":"https:\/\/tschuschner.de\/","name":"Fotos vom Profi","description":"aus Gr\u00e4felfing im W\u00fcrmtal","potentialAction":[{"@type":"SearchAction","target":{"@type":"EntryPoint","urlTemplate":"https:\/\/tschuschner.de\/?s={search_term_string}"},"query-input":{"@type":"PropertyValueSpecification","valueRequired":true,"valueName":"search_term_string"}}],"inLanguage":"de"}]}},"_links":{"self":[{"href":"https:\/\/tschuschner.de\/index.php?rest_route=\/wp\/v2\/pages\/798","targetHints":{"allow":["GET"]}}],"collection":[{"href":"https:\/\/tschuschner.de\/index.php?rest_route=\/wp\/v2\/pages"}],"about":[{"href":"https:\/\/tschuschner.de\/index.php?rest_route=\/wp\/v2\/types\/page"}],"author":[{"embeddable":true,"href":"https:\/\/tschuschner.de\/index.php?rest_route=\/wp\/v2\/users\/1"}],"replies":[{"embeddable":true,"href":"https:\/\/tschuschner.de\/index.php?rest_route=%2Fwp%2Fv2%2Fcomments&post=798"}],"version-history":[{"count":53,"href":"https:\/\/tschuschner.de\/index.php?rest_route=\/wp\/v2\/pages\/798\/revisions"}],"predecessor-version":[{"id":937,"href":"https:\/\/tschuschner.de\/index.php?rest_route=\/wp\/v2\/pages\/798\/revisions\/937"}],"wp:featuredmedia":[{"embeddable":true,"href":"https:\/\/tschuschner.de\/index.php?rest_route=\/wp\/v2\/media\/904"}],"wp:attachment":[{"href":"https:\/\/tschuschner.de\/index.php?rest_route=%2Fwp%2Fv2%2Fmedia&parent=798"}],"curies":[{"name":"wp","href":"https:\/\/api.w.org\/{rel}","templated":true}]}}

Aktuelle Events München

<section class="wpb-content-wrapper"><p>[vc_row][vc_column][vc_column_text]</p>
<h1 class="id-StoryElement-headline">Richtfest vom Dießener Carl Orff Museum</h1>
<h4>Zu seinem 129. Geburtstag (11.07.2024) wurde das Richtfest des neuen Carl Orff Museums im Dießener Ziegelstadel gefeiert, wo Orff lebte und arbeitete.</h4>
<h6>Es waren Ehrengäste aus Kultur, Handwerker, Architekten, Regierung und Kommunalpolitiker eingeladen, die Judith Janowski, Generalsekretärin der Carl Orff Stiftung zum Richtfest des neuen <strong><a href="https://co-mu.de/" target="_blank" rel="noopener">Carl Orff Museums</a></strong> begrüßen durfte. Nächstes Jahr,&nbsp; am 10. Juli, soll anlässlich des 130. Geburtstags von Orff das neue Museum am Ziegelstadel festlich eröffnet werden.</h6>
<h6><strong><a href="https://youtu.be/mmNRKI0D1I4" target="_blank" rel="noopener">Hier klicken und Video ansehen</a></strong></h6>
<p>[/vc_column_text][vc_single_image image=&#8220;905&#8243; img_size=&#8220;400&#215;600&#8243; onclick=&#8220;custom_link&#8220; img_link_target=&#8220;_blank&#8220; link=&#8220;https://co-mu.de/&#8220; css=&#8220;.vc_custom_1720795924861{margin-bottom: 50px !important;}&#8220;][vc_masonry_media_grid grid_id=&#8220;vc_gid:1720868635206-97d8ff94-1d17-9&#8243; include=&#8220;898,900,906,904,901,903,902,899,907,908&#8243;][vc_zigzag css=&#8220;.vc_custom_1720795780402{margin-top: 50px !important;margin-bottom: 50px !important;}&#8220;][/vc_column][/vc_row][vc_row][vc_column][vc_column_text]</p>
<h1 class="id-StoryElement-headline">Vesakh Festival Westpark 2024</h1>
<p>[/vc_column_text][vc_masonry_media_grid grid_id=&#8220;vc_gid:1720868635212-db942bcd-eddf-6&#8243; include=&#8220;866,854,864,857,855,863,865,869,858,856,859,860,861,862,867,868&#8243;][/vc_column][/vc_row][vc_row css=&#8220;.vc_custom_1715543812790{margin-top: 50px !important;}&#8220;][vc_column][vc_zigzag][/vc_column][vc_column css=&#8220;.vc_custom_1715624807697{margin-top: 50px !important;}&#8220;][vc_single_image image=&#8220;801&#8243; img_size=&#8220;full&#8220; onclick=&#8220;custom_link&#8220; img_link_target=&#8220;_blank&#8220; title=&#8220;Bergson-Kunstkraftwerk Eröffungstag 13.04.2024&#8243; link=&#8220;https://bergson.com/&#8220;][/vc_column][/vc_row][vc_row][vc_column][vc_masonry_media_grid style=&#8220;lazy&#8220; initial_loading_animation=&#8220;fadeIn&#8220; grid_id=&#8220;vc_gid:1720868635219-ecc9ab59-3cab-9&#8243; include=&#8220;802,800,799&#8243;][/vc_column][/vc_row]</p>
</section>

<p>[vc_row][vc_column][vc_column_text] Richtfest vom Dießener Carl Orff Museum Zu seinem 129. Geburtstag (11.07.2024) wurde das Richtfest des neuen Carl Orff Museums im Dießener Ziegelstadel gefeiert, wo Orff lebte und arbeitete. Es waren Ehrengäste aus Kultur, Handwerker, Architekten, Regierung und Kommunalpolitiker eingeladen, die Judith Janowski, Generalsekretärin der Carl Orff Stiftung zum Richtfest des neuen Carl Orff Museums [&hellip;]</p>

<!-- This site is optimized with the Yoast SEO plugin v27.4 - https://yoast.com/product/yoast-seo-wordpress/ -->
<title>Aktuelle Events München - Eventfotograf in Gräfelfing im Würmtal</title>
<meta name="description" content="Richtfest vom Dießener Carl Orff Museum am 11.07.2024" />
<meta name="robots" content="index, follow, max-snippet:-1, max-image-preview:large, max-video-preview:-1" />
<link rel="canonical" href="https://tschuschner.de/?page_id=798" />
<meta property="og:locale" content="de_DE" />
<meta property="og:type" content="article" />
<meta property="og:title" content="Aktuelle Events München - Eventfotograf in Gräfelfing im Würmtal" />
<meta property="og:description" content="Richtfest vom Dießener Carl Orff Museum am 11.07.2024" />
<meta property="og:url" content="https://tschuschner.de/?page_id=798" />
<meta property="og:site_name" content="Fotos vom Profi" />
<meta property="article:modified_time" content="2024-07-13T11:34:44+00:00" />
<meta property="og:image" content="https://tschuschner.de/wp-content/uploads/2024/07/IMG_9560_b-scaled.jpg" />
	<meta property="og:image:width" content="2560" />
	<meta property="og:image:height" content="1707" />
	<meta property="og:image:type" content="image/jpeg" />
<meta name="twitter:card" content="summary_large_image" />
<meta name="twitter:label1" content="Geschätzte Lesezeit" />
	<meta name="twitter:data1" content="7 Minuten" />
<script type="application/ld+json" class="yoast-schema-graph">{"@context":"https:\/\/schema.org","@graph":[{"@type":"WebPage","@id":"https:\/\/tschuschner.de\/?page_id=798","url":"https:\/\/tschuschner.de\/?page_id=798","name":"Aktuelle Events München - Eventfotograf in Gräfelfing im Würmtal","isPartOf":{"@id":"https:\/\/tschuschner.de\/#website"},"primaryImageOfPage":{"@id":"https:\/\/tschuschner.de\/?page_id=798#primaryimage"},"image":{"@id":"https:\/\/tschuschner.de\/?page_id=798#primaryimage"},"thumbnailUrl":"https:\/\/tschuschner.de\/wp-content\/uploads\/2024\/07\/IMG_9560_b-scaled.jpg","datePublished":"2024-04-13T19:21:53+00:00","dateModified":"2024-07-13T11:34:44+00:00","description":"Richtfest vom Dießener Carl Orff Museum am 11.07.2024","breadcrumb":{"@id":"https:\/\/tschuschner.de\/?page_id=798#breadcrumb"},"inLanguage":"de","potentialAction":[{"@type":"ReadAction","target":["https:\/\/tschuschner.de\/?page_id=798"]}]},{"@type":"ImageObject","inLanguage":"de","@id":"https:\/\/tschuschner.de\/?page_id=798#primaryimage","url":"https:\/\/tschuschner.de\/wp-content\/uploads\/2024\/07\/IMG_9560_b-scaled.jpg","contentUrl":"https:\/\/tschuschner.de\/wp-content\/uploads\/2024\/07\/IMG_9560_b-scaled.jpg","width":2560,"height":1707},{"@type":"BreadcrumbList","@id":"https:\/\/tschuschner.de\/?page_id=798#breadcrumb","itemListElement":[{"@type":"ListItem","position":1,"name":"Startseite","item":"https:\/\/tschuschner.de\/"},{"@type":"ListItem","position":2,"name":"Aktuelle Events München"}]},{"@type":"WebSite","@id":"https:\/\/tschuschner.de\/#website","url":"https:\/\/tschuschner.de\/","name":"Fotos vom Profi","description":"aus Gräfelfing im Würmtal","potentialAction":[{"@type":"SearchAction","target":{"@type":"EntryPoint","urlTemplate":"https:\/\/tschuschner.de\/?s={search_term_string}"},"query-input":{"@type":"PropertyValueSpecification","valueRequired":true,"valueName":"search_term_string"}}],"inLanguage":"de"}]}</script>
<!-- / Yoast SEO plugin. -->

Aktuelle Events München - Eventfotograf in Gräfelfing im Würmtal

Richtfest vom Dießener Carl Orff Museum am 11.07.2024

aus Gräfelfing im Würmtal
